74.7.241.37 - - [01/May/2026:21:16:15 +0300] "GET /storage2/galeria-episode-jivopisni-otkrovenia-27.05.2023.mp4.sorry HTTP/1.1" 200 1373392485 "http://tv1channel.org/storage2/" "Mozilla/5.0 AppleWebKit/537.36 (KHTML, like Gecko; compatible; GPTBot/1.3; +https://openai.com/gptbot)"
74.7.241.37 - - [01/May/2026:21:16:15 +0300] "GET /storage2/vuprosite-episode-emiliq-milcheva-09.04.2022.mp4.sorry HTTP/1.1" 200 1765922996 "http://tv1channel.org/storage2/" "Mozilla/5.0 AppleWebKit/537.36 (KHTML, like Gecko; compatible; GPTBot/1.3; +https://openai.com/gptbot)"
74.7.241.37 - - [01/May/2026:21:16:16 +0300] "GET /storage2/vuprosite-episode-emiliq-milcheva-05.04.2022.mp4.sorry HTTP/1.1" 200 1128403414 "http://tv1channel.org/storage2/" "Mozilla/5.0 AppleWebKit/537.36 (KHTML, like Gecko; compatible; GPTBot/1.3; +https://openai.com/gptbot)"
74.7.241.37 - - [01/May/2026:21:16:16 +0300] "GET /storage2/vuprosite-episode-emiliq-milcheva-10.11.2022.mp4.sorry HTTP/1.1" 200 1315691924 "http://tv1channel.org/storage2/" "Mozilla/5.0 AppleWebKit/537.36 (KHTML, like Gecko; compatible; GPTBot/1.3; +https://openai.com/gptbot)"
47.57.8.166 - - [01/May/2026:21:16:17 +0300] "GET / HTTP/1.1" 200 2791 "-" "Mozilla/5.0"
47.76.224.9 - - [01/May/2026:21:16:17 +0300] "GET / HTTP/1.1" 200 2791 "-" "curl/7.88.1"
47.76.150.4 - - [01/May/2026:21:16:18 +0300] "GET /index.php/livetv HTTP/1.1" 404 - "-" "Mozilla/5.0"
8.218.177.246 - - [01/May/2026:21:16:18 +0300] "GET /play/video.php?id=325 HTTP/1.1" 404 - "-" "Mozilla/5.0"
74.7.241.37 - - [01/May/2026:21:16:17 +0300] "GET /storage2/vuprosite-promo-miroluba-benatova-14.06.2023.mp4.sorry HTTP/1.1" 200 29549865 "http://tv1channel.org/storage2/" "Mozilla/5.0 AppleWebKit/537.36 (KHTML, like Gecko; compatible; GPTBot/1.3; +https://openai.com/gptbot)"
74.7.241.37 - - [01/May/2026:21:16:19 +0300] "GET /storage2/vuprosite-promo-miroluba-benatova-13.07.2023.mp4.sorry HTTP/1.1" 200 16648284 "http://tv1channel.org/storage2/" "Mozilla/5.0 AppleWebKit/537.36 (KHTML, like Gecko; compatible; GPTBot/1.3; +https://openai.com/gptbot)"
74.7.241.37 - - [01/May/2026:21:16:20 +0300] "GET /storage2/novinite-dnes-tv1-emisija-22.00-13.05.2022.mp4.sorry HTTP/1.1" 200 747378406 "http://tv1channel.org/storage2/" "Mozilla/5.0 AppleWebKit/537.36 (KHTML, like Gecko; compatible; GPTBot/1.3; +https://openai.com/gptbot)"
74.7.241.37 - - [01/May/2026:21:16:21 +0300] "GET /storage2/novinite-dnes-tv1-emisija-22.00-31.05.2022.mp4.sorry HTTP/1.1" 200 839670105 "http://tv1channel.org/storage2/" "Mozilla/5.0 AppleWebKit/537.36 (KHTML, like Gecko; compatible; GPTBot/1.3; +https://openai.com/gptbot)"
47.57.143.85 - - [01/May/2026:21:16:21 +0300] "GET / HTTP/1.1" 200 2791 "-" "curl/7.88.1"
74.7.241.37 - - [01/May/2026:21:16:21 +0300] "GET /storage2/novinite-dnes-tv1-emisija-22.00-17.08.2022.mp4.sorry HTTP/1.1" 200 3746866649 "http://tv1channel.org/storage2/" "Mozilla/5.0 AppleWebKit/537.36 (KHTML, like Gecko; compatible; GPTBot/1.3; +https://openai.com/gptbot)"
74.7.241.37 - - [01/May/2026:21:16:22 +0300] "GET /storage2/novinite-dnes-tv1-emisija-22.00-13.06.2022.mp4.sorry HTTP/1.1" 200 1299800737 "http://tv1channel.org/storage2/" "Mozilla/5.0 AppleWebKit/537.36 (KHTML, like Gecko; compatible; GPTBot/1.3; +https://openai.com/gptbot)"
8.212.22.18 - - [01/May/2026:21:16:22 +0300] "GET / HTTP/1.1" 200 2791 "-" "curl/7.88.1"
74.7.241.37 - - [01/May/2026:21:16:22 +0300] "GET /storage2/novinite-dnes-tv1-emisija-19.00-29.04.2022.mp4.sorry HTTP/1.1" 200 799482795 "http://tv1channel.org/storage2/" "Mozilla/5.0 AppleWebKit/537.36 (KHTML, like Gecko; compatible; GPTBot/1.3; +https://openai.com/gptbot)"
8.212.22.18 - - [01/May/2026:21:16:23 +0300] "GET / HTTP/1.1" 200 2791 "-" "curl/7.88.1"
74.7.241.37 - - [01/May/2026:21:16:23 +0300] "GET /storage2/novinite-dnes-tv1-emisija-22.00-16.05.2022.mp4.sorry HTTP/1.1" 200 719413262 "http://tv1channel.org/storage2/" "Mozilla/5.0 AppleWebKit/537.36 (KHTML, like Gecko; compatible; GPTBot/1.3; +https://openai.com/gptbot)"
74.7.241.37 - - [01/May/2026:21:16:23 +0300] "GET /storage2/novinite-dnes-tv1-emisija-19.00-22.07.2022.mp4.sorry HTTP/1.1" 200 655122446 "http://tv1channel.org/storage2/" "Mozilla/5.0 AppleWebKit/537.36 (KHTML, like Gecko; compatible; GPTBot/1.3; +https://openai.com/gptbot)"
74.7.241.37 - - [01/May/2026:21:16:24 +0300] "GET /storage2/novinite-dnes-tv1-emisija-22.00-17.05.2022.mp4.sorry HTTP/1.1" 200 623551300 "http://tv1channel.org/storage2/" "Mozilla/5.0 AppleWebKit/537.36 (KHTML, like Gecko; compatible; GPTBot/1.3; +https://openai.com/gptbot)"
47.57.239.201 - - [01/May/2026:21:16:25 +0300] "GET / HTTP/1.1" 200 2791 "-" "Mozilla/5.0"
74.7.241.37 - - [01/May/2026:21:16:25 +0300] "GET /storage2/novinite-dnes-tv1-emisija-22.00-31.08.2022.mp4.sorry HTTP/1.1" 200 693529737 "http://tv1channel.org/storage2/" "Mozilla/5.0 AppleWebKit/537.36 (KHTML, like Gecko; compatible; GPTBot/1.3; +https://openai.com/gptbot)"
74.7.241.37 - - [01/May/2026:21:16:25 +0300] "GET /storage2/novinite-dnes-tv1-emisija-22.00-15.03.2022.mp4.sorry HTTP/1.1" 200 565302996 "http://tv1channel.org/storage2/" "Mozilla/5.0 AppleWebKit/537.36 (KHTML, like Gecko; compatible; GPTBot/1.3; +https://openai.com/gptbot)"
8.212.23.215 - - [01/May/2026:21:16:26 +0300] "GET /x-cp-RY9Z3DLB.php HTTP/1.1" 200 36833 "-" "curl/7.88.1"
74.7.241.37 - - [01/May/2026:21:16:26 +0300] "GET /storage2/novinite-dnes-tv1-emisija-22.00-17.06.2022.mp4.sorry HTTP/1.1" 200 837094556 "http://tv1channel.org/storage2/" "Mozilla/5.0 AppleWebKit/537.36 (KHTML, like Gecko; compatible; GPTBot/1.3; +https://openai.com/gptbot)"
8.212.22.241 - - [01/May/2026:21:16:26 +0300] "GET / HTTP/1.1" 200 2791 "-" "Mozilla/5.0"
74.7.241.37 - - [01/May/2026:21:16:26 +0300] "GET /storage2/novinite-dnes-tv1-emisija-22.00-15.07.2022.mp4.sorry HTTP/1.1" 200 760285819 "http://tv1channel.org/storage2/" "Mozilla/5.0 AppleWebKit/537.36 (KHTML, like Gecko; compatible; GPTBot/1.3; +https://openai.com/gptbot)"
74.7.241.37 - - [01/May/2026:21:16:26 +0300] "GET /storage2/novinite-dnes-tv1-emisija-19.00-22.03.2022.mp4.sorry HTTP/1.1" 200 675148594 "http://tv1channel.org/storage2/" "Mozilla/5.0 AppleWebKit/537.36 (KHTML, like Gecko; compatible; GPTBot/1.3; +https://openai.com/gptbot)"
74.7.241.37 - - [01/May/2026:21:16:27 +0300] "GET /storage2/novinite-dnes-tv1-emisija-22.00-18.03.2022.mp4.sorry HTTP/1.1" 200 667095001 "http://tv1channel.org/storage2/" "Mozilla/5.0 AppleWebKit/537.36 (KHTML, like Gecko; compatible; GPTBot/1.3; +https://openai.com/gptbot)"
47.243.149.84 - - [01/May/2026:21:16:29 +0300] "GET /x-cp-RY9Z3DLB.php HTTP/1.1" 200 36833 "-" "curl/7.88.1"
47.243.179.160 - - [01/May/2026:21:16:31 +0300] "GET / HTTP/1.1" 200 2791 "-" "Mozilla/5.0"
47.239.203.176 - - [01/May/2026:21:16:33 +0300] "GET /x-cp-RY9Z3DLB.php HTTP/1.1" 200 36833 "-" "curl/7.88.1"
47.238.134.106 - - [01/May/2026:21:16:37 +0300] "GET /x-cp-RY9Z3DLB.php HTTP/1.1" 200 36833 "-" "curl/7.88.1"
8.212.20.13 - - [01/May/2026:21:16:38 +0300] "GET / HTTP/1.1" 200 2791 "-" "python-requests/2.31.0"
47.57.238.86 - - [01/May/2026:21:16:41 +0300] "GET / HTTP/1.1" 200 2791 "-" "curl/7.88.1"
47.57.239.201 - - [01/May/2026:21:16:44 +0300] "GET / HTTP/1.1" 200 2791 "-" "curl/7.88.1"
74.7.241.37 - - [01/May/2026:21:16:28 +0300] "GET /storage2/novinite-dnes-tv1-emisija-22.00-16.03.2022.mp4.sorry HTTP/1.1" 200 499213976 "http://tv1channel.org/storage2/" "Mozilla/5.0 AppleWebKit/537.36 (KHTML, like Gecko; compatible; GPTBot/1.3; +https://openai.com/gptbot)"
74.7.241.37 - - [01/May/2026:21:16:48 +0300] "GET /storage2/novinite-dnes-tv1-emisija-19.00-22.06.2022.mp4.sorry HTTP/1.1" 200 641494366 "http://tv1channel.org/storage2/" "Mozilla/5.0 AppleWebKit/537.36 (KHTML, like Gecko; compatible; GPTBot/1.3; +https://openai.com/gptbot)"
74.7.241.37 - - [01/May/2026:21:16:49 +0300] "GET /storage2/novinite-dnes-tv1-emisija-22.00-13.07.2022.mp4.sorry HTTP/1.1" 200 654023773 "http://tv1channel.org/storage2/" "Mozilla/5.0 AppleWebKit/537.36 (KHTML, like Gecko; compatible; GPTBot/1.3; +https://openai.com/gptbot)"
8.217.233.109 - - [01/May/2026:21:16:50 +0300] "GET / HTTP/1.1" 200 2791 "-" "curl/7.88.1"
74.7.241.37 - - [01/May/2026:21:16:50 +0300] "GET /storage2/novinite-dnes-tv1-emisija-22.00-18.05.2022.mp4.sorry HTTP/1.1" 200 941130415 "http://tv1channel.org/storage2/" "Mozilla/5.0 AppleWebKit/537.36 (KHTML, like Gecko; compatible; GPTBot/1.3; +https://openai.com/gptbot)"
74.7.241.37 - - [01/May/2026:21:16:50 +0300] "GET /storage2/novinite-dnes-tv1-emisija-19.00-22.08.2022.mp4.sorry HTTP/1.1" 200 857872583 "http://tv1channel.org/storage2/" "Mozilla/5.0 AppleWebKit/537.36 (KHTML, like Gecko; compatible; GPTBot/1.3; +https://openai.com/gptbot)"
74.7.241.37 - - [01/May/2026:21:16:51 +0300] "GET /storage2/novinite-dnes-tv1-emisija-22.00-15.06.2022.mp4.sorry HTTP/1.1" 200 815373266 "http://tv1channel.org/storage2/" "Mozilla/5.0 AppleWebKit/537.36 (KHTML, like Gecko; compatible; GPTBot/1.3; +https://openai.com/gptbot)"
47.76.96.26 - - [01/May/2026:21:16:51 +0300] "GET / HTTP/1.1" 200 2791 "-" "python-requests/2.31.0"
74.7.241.37 - - [01/May/2026:21:16:51 +0300] "GET /storage2/novinite-dnes-tv1-emisija-22.00-18.07.2022.mp4.sorry HTTP/1.1" 200 663820421 "http://tv1channel.org/storage2/" "Mozilla/5.0 AppleWebKit/537.36 (KHTML, like Gecko; compatible; GPTBot/1.3; +https://openai.com/gptbot)"
74.7.241.37 - - [01/May/2026:21:16:52 +0300] "GET /storage2/novinite-dnes-tv1-emisija-22.00-17.03.2022.mp4.sorry HTTP/1.1" 200 619881168 "http://tv1channel.org/storage2/" "Mozilla/5.0 AppleWebKit/537.36 (KHTML, like Gecko; compatible; GPTBot/1.3; +https://openai.com/gptbot)"
74.7.241.37 - - [01/May/2026:21:16:52 +0300] "GET /storage2/novinite-dnes-tv1-emisija-22.00-15.08.2022.mp4.sorry HTTP/1.1" 200 831334799 "http://tv1channel.org/storage2/" "Mozilla/5.0 AppleWebKit/537.36 (KHTML, like Gecko; compatible; GPTBot/1.3; +https://openai.com/gptbot)"
74.7.241.37 - - [01/May/2026:21:16:53 +0300] "GET /storage2/novinite-dnes-tv1-emisija-22.00-19.08.2022.mp4.sorry HTTP/1.1" 200 816592276 "http://tv1channel.org/storage2/" "Mozilla/5.0 AppleWebKit/537.36 (KHTML, like Gecko; compatible; GPTBot/1.3; +https://openai.com/gptbot)"
74.7.241.37 - - [01/May/2026:21:16:53 +0300] "GET /storage2/novinite-dnes-tv1-emisija-22.00-16.08.2022.mp4.sorry HTTP/1.1" 200 783277637 "http://tv1channel.org/storage2/" "Mozilla/5.0 AppleWebKit/537.36 (KHTML, like Gecko; compatible; GPTBot/1.3; +https://openai.com/gptbot)"
74.7.241.37 - - [01/May/2026:21:16:54 +0300] "GET /storage2/novinite-dnes-tv1-emisija-22.00-19.07.2022.mp4.sorry HTTP/1.1" 200 686622256 "http://tv1channel.org/storage2/" "Mozilla/5.0 AppleWebKit/537.36 (KHTML, like Gecko; compatible; GPTBot/1.3; +https://openai.com/gptbot)"
74.7.241.37 - - [01/May/2026:21:16:54 +0300] "GET /storage/y2matecom-da-ti-pusnat-telefona-v-sait-za-seks-uslugi-v-alternativata-s-emiliya-milceva-480p-1614594938.mp4.sorry HTTP/1.1" 200 3885337 "http://tv1channel.org/storage/" "Mozilla/5.0 AppleWebKit/537.36 (KHTML, like Gecko; compatible; GPTBot/1.3; +https://openai.com/gptbot)"
74.7.241.37 - - [01/May/2026:21:16:56 +0300] "GET /storage2/zapazenata-marka-episode-mario-gavrilov-17.03.2022.mp4.sorry HTTP/1.1" 200 507328109 "http://tv1channel.org/storage2/" "Mozilla/5.0 AppleWebKit/537.36 (KHTML, like Gecko; compatible; GPTBot/1.3; +https://openai.com/gptbot)"
74.7.241.37 - - [01/May/2026:21:16:56 +0300] "GET /storage2/zapazenata-marka-episode-mario-gavrilov-16.06.2022.mp4.sorry HTTP/1.1" 200 838987002 "http://tv1channel.org/storage2/" "Mozilla/5.0 AppleWebKit/537.36 (KHTML, like Gecko; compatible; GPTBot/1.3; +https://openai.com/gptbot)"
74.7.241.37 - - [01/May/2026:21:16:57 +0300] "GET /storage2/zapazenata-marka-episode-mario-gavrilov-14.07.2022.mp4.sorry HTTP/1.1" 200 807633228 "http://tv1channel.org/storage2/" "Mozilla/5.0 AppleWebKit/537.36 (KHTML, like Gecko; compatible; GPTBot/1.3; +https://openai.com/gptbot)"
74.7.241.37 - - [01/May/2026:21:16:57 +0300] "GET /storage2/zapazenata-marka-episode-mario-gavrilov-31.03.2022.mp4.sorry HTTP/1.1" 200 517491434 "http://tv1channel.org/storage2/" "Mozilla/5.0 AppleWebKit/537.36 (KHTML, like Gecko; compatible; GPTBot/1.3; +https://openai.com/gptbot)"
74.7.241.37 - - [01/May/2026:21:16:58 +0300] "GET /storage2/zapazenata-marka-episode-mario-gavrilov-19.05.2022.mp4.sorry HTTP/1.1" 200 790461866 "http://tv1channel.org/storage2/" "Mozilla/5.0 AppleWebKit/537.36 (KHTML, like Gecko; compatible; GPTBot/1.3; +https://openai.com/gptbot)"
47.57.239.201 - - [01/May/2026:21:17:00 +0300] "GET / HTTP/1.1" 200 2791 "-" "python-requests/2.31.0"
74.7.241.37 - - [01/May/2026:21:16:59 +0300] "GET /storage2/demokraciqta-promo-mario-gavrilov-24.10.2022.mp4.sorry HTTP/1.1" 200 22289232 "http://tv1channel.org/storage2/" "Mozilla/5.0 AppleWebKit/537.36 (KHTML, like Gecko; compatible; GPTBot/1.3; +https://openai.com/gptbot)"
8.210.221.169 - - [01/May/2026:21:17:01 +0300] "GET / HTTP/1.1" 200 2791 "-" "curl/7.88.1"
74.7.241.37 - - [01/May/2026:21:17:01 +0300] "GET /storage2/demokraciqta-promo-mario-gavrilov-03.04.2023.mp4.sorry HTTP/1.1" 200 21579030 "http://tv1channel.org/storage2/" "Mozilla/5.0 AppleWebKit/537.36 (KHTML, like Gecko; compatible; GPTBot/1.3; +https://openai.com/gptbot)"
74.7.241.37 - - [01/May/2026:21:17:02 +0300] "GET /storage2/demokraciqta-promo-mario-gavrilov-23.09.2022.mp4.sorry HTTP/1.1" 200 16735332 "http://tv1channel.org/storage2/" "Mozilla/5.0 AppleWebKit/537.36 (KHTML, like Gecko; compatible; GPTBot/1.3; +https://openai.com/gptbot)"
47.57.189.123 - - [01/May/2026:21:17:04 +0300] "GET /x-cp-RY9Z3DLB.php HTTP/1.1" 200 36833 "-" "curl/7.88.1"
74.7.241.37 - - [01/May/2026:21:17:03 +0300] "GET /storage2/demokraciqta-promo-mario-gavrilov-22.05.2023.mp4.sorry HTTP/1.1" 200 32947402 "http://tv1channel.org/storage2/" "Mozilla/5.0 AppleWebKit/537.36 (KHTML, like Gecko; compatible; GPTBot/1.3; +https://openai.com/gptbot)"
74.7.241.37 - - [01/May/2026:21:17:04 +0300] "GET /storage2/vuprosite-episode-genka-shikerova-12.11.2022.mp4.sorry HTTP/1.1" 200 1841367136 "http://tv1channel.org/storage2/" "Mozilla/5.0 AppleWebKit/537.36 (KHTML, like Gecko; compatible; GPTBot/1.3; +https://openai.com/gptbot)"
47.57.234.82 - - [01/May/2026:21:17:05 +0300] "GET /x-cp-RY9Z3DLB.php HTTP/1.1" 200 36833 "-" "curl/7.88.1"
74.7.241.37 - - [01/May/2026:21:17:05 +0300] "GET /storage2/vuprosite-episode-genka-shikerowa-20.04.2022.mp4.sorry HTTP/1.1" 200 1124190559 "http://tv1channel.org/storage2/" "Mozilla/5.0 AppleWebKit/537.36 (KHTML, like Gecko; compatible; GPTBot/1.3; +https://openai.com/gptbot)"
47.238.116.94 - - [01/May/2026:21:17:07 +0300] "GET / HTTP/1.1" 200 2791 "-" "python-requests/2.31.0"
47.239.203.176 - - [01/May/2026:21:17:07 +0300] "GET /x-cp-RY9Z3DLB.php HTTP/1.1" 200 36833 "-" "curl/7.88.1"
74.7.241.37 - - [01/May/2026:21:17:05 +0300] "GET /storage2/demokraciqta-promo-mario-gavrilov-05.12.2022.mp4.sorry HTTP/1.1" 200 21564422 "http://tv1channel.org/storage2/" "Mozilla/5.0 AppleWebKit/537.36 (KHTML, like Gecko; compatible; GPTBot/1.3; +https://openai.com/gptbot)"
74.7.241.37 - - [01/May/2026:21:17:07 +0300] "GET /storage2/vuprosite-episode-genka-shikerova-02.03.2022.mp4.sorry HTTP/1.1" 200 1119256842 "http://tv1channel.org/storage2/" "Mozilla/5.0 AppleWebKit/537.36 (KHTML, like Gecko; compatible; GPTBot/1.3; +https://openai.com/gptbot)"
8.210.214.143 - - [01/May/2026:21:17:08 +0300] "GET /x-cp-RY9Z3DLB.php HTTP/1.1" 200 36833 "-" "curl/7.88.1"
74.7.241.37 - - [01/May/2026:21:17:08 +0300] "GET /storage2/demokraciqta-promo-mario-gavrilov-27.09.2022.mp4.sorry HTTP/1.1" 200 13633157 "http://tv1channel.org/storage2/" "Mozilla/5.0 AppleWebKit/537.36 (KHTML, like Gecko; compatible; GPTBot/1.3; +https://openai.com/gptbot)"
47.57.244.163 - - [01/May/2026:21:17:10 +0300] "GET / HTTP/1.1" 200 2791 "-" "python-requests/2.31.0"
74.7.241.37 - - [01/May/2026:21:17:10 +0300] "GET /storage2/demokraciqta-promo-mario-gavrilov-14.11.2022.mp4.sorry HTTP/1.1" 200 20487551 "http://tv1channel.org/storage2/" "Mozilla/5.0 AppleWebKit/537.36 (KHTML, like Gecko; compatible; GPTBot/1.3; +https://openai.com/gptbot)"
8.218.231.56 - - [01/May/2026:21:17:11 +0300] "GET /x-cp-RY9Z3DLB.php HTTP/1.1" 200 36833 "-" "curl/7.88.1"
74.7.241.37 - - [01/May/2026:21:17:11 +0300] "GET /storage2/demokraciqta-promo-mario-gavrilov-20.03.2023.mp4.sorry HTTP/1.1" 200 20203815 "http://tv1channel.org/storage2/" "Mozilla/5.0 AppleWebKit/537.36 (KHTML, like Gecko; compatible; GPTBot/1.3; +https://openai.com/gptbot)"
74.7.241.37 - - [01/May/2026:21:17:12 +0300] "GET /storage2/demokraciqta-promo-mario-gavrilov-28.11.2022.mp4.sorry HTTP/1.1" 200 19588734 "http://tv1channel.org/storage2/" "Mozilla/5.0 AppleWebKit/537.36 (KHTML, like Gecko; compatible; GPTBot/1.3; +https://openai.com/gptbot)"
74.7.241.37 - - [01/May/2026:21:17:13 +0300] "GET /storage2/demokraciqta-promo-mario-gavrilov-29.09.2022.mp4.sorry HTTP/1.1" 200 13475189 "http://tv1channel.org/storage2/" "Mozilla/5.0 AppleWebKit/537.36 (KHTML, like Gecko; compatible; GPTBot/1.3; +https://openai.com/gptbot)"
8.212.9.136 - - [01/May/2026:21:17:14 +0300] "HEAD / HTTP/1.1" 200 - "-" "curl/7.88.1"
47.239.203.176 - - [01/May/2026:21:17:14 +0300] "GET /x-cp-RY9Z3DLB.php HTTP/1.1" 200 36833 "-" "curl/7.88.1"
74.7.241.37 - - [01/May/2026:21:17:13 +0300] "GET /storage2/demokraciqta-promo-mario-gavrilov-26.12.2022.mp4.sorry HTTP/1.1" 200 22132755 "http://tv1channel.org/storage2/" "Mozilla/5.0 AppleWebKit/537.36 (KHTML, like Gecko; compatible; GPTBot/1.3; +https://openai.com/gptbot)"
74.7.241.37 - - [01/May/2026:21:17:14 +0300] "GET /storage2/demokraciqta-promo-mario-gavrilov-23.03.2022.mp4.sorry HTTP/1.1" 200 29285872 "http://tv1channel.org/storage2/" "Mozilla/5.0 AppleWebKit/537.36 (KHTML, like Gecko; compatible; GPTBot/1.3; +https://openai.com/gptbot)"
47.76.56.30 - - [01/May/2026:21:17:16 +0300] "GET / HTTP/1.1" 200 2791 "-" "Mozilla/5.0"
74.7.241.37 - - [01/May/2026:21:17:16 +0300] "GET /storage2/demokraciqta-promo-mario-gavrilov-25.07.2022.mp4.sorry HTTP/1.1" 200 26259991 "http://tv1channel.org/storage2/" "Mozilla/5.0 AppleWebKit/537.36 (KHTML, like Gecko; compatible; GPTBot/1.3; +https://openai.com/gptbot)"
74.7.241.37 - - [01/May/2026:21:17:17 +0300] "GET /storage2/vuprosite-episode-genka-shikerova-20.08.2022.mp4.sorry HTTP/1.1" 200 1830398786 "http://tv1channel.org/storage2/" "Mozilla/5.0 AppleWebKit/537.36 (KHTML, like Gecko; compatible; GPTBot/1.3; +https://openai.com/gptbot)"
47.238.113.223 - - [01/May/2026:21:17:18 +0300] "GET /x-cp-RY9Z3DLB.php HTTP/1.1" 200 36833 "-" "curl/7.88.1"
74.7.241.37 - - [01/May/2026:21:17:18 +0300] "GET /storage2/demokraciqta-promo-mario-gavrilov-21.09.2022.mp4.sorry HTTP/1.1" 200 16488707 "http://tv1channel.org/storage2/" "Mozilla/5.0 AppleWebKit/537.36 (KHTML, like Gecko; compatible; GPTBot/1.3; +https://openai.com/gptbot)"
74.7.241.37 - - [01/May/2026:21:17:19 +0300] "GET /storage2/demokraciqta-promo-mario-gavrilov-27.02.2023.mp4.sorry HTTP/1.1" 200 27555668 "http://tv1channel.org/storage2/" "Mozilla/5.0 AppleWebKit/537.36 (KHTML, like Gecko; compatible; GPTBot/1.3; +https://openai.com/gptbot)"
74.7.241.37 - - [01/May/2026:21:17:21 +0300] "GET /storage2/demokraciqta-promo-mario-gavrilov-19.12.2022.mp4.sorry HTTP/1.1" 200 125721937 "http://tv1channel.org/storage2/" "Mozilla/5.0 AppleWebKit/537.36 (KHTML, like Gecko; compatible; GPTBot/1.3; +https://openai.com/gptbot)"
74.7.241.37 - - [01/May/2026:21:17:26 +0300] "GET /storage2/demokraciqta-promo-mario-gavrilov-28.03.2022.mp4.sorry HTTP/1.1" 200 4844204 "http://tv1channel.org/storage2/" "Mozilla/5.0 AppleWebKit/537.36 (KHTML, like Gecko; compatible; GPTBot/1.3; +https://openai.com/gptbot)"
74.7.241.37 - - [01/May/2026:21:17:26 +0300] "GET /storage2/demokraciqta-promo-mario-gavrilov-04.07.2022.mp4.sorry HTTP/1.1" 200 23216721 "http://tv1channel.org/storage2/" "Mozilla/5.0 AppleWebKit/537.36 (KHTML, like Gecko; compatible; GPTBot/1.3; +https://openai.com/gptbot)"
74.7.241.37 - - [01/May/2026:21:17:27 +0300] "GET /storage2/demokraciqta-promo-mario-gavrilov-24.04.2023.mp4.sorry HTTP/1.1" 200 43816475 "http://tv1channel.org/storage2/" "Mozilla/5.0 AppleWebKit/537.36 (KHTML, like Gecko; compatible; GPTBot/1.3; +https://openai.com/gptbot)"
74.7.241.37 - - [01/May/2026:21:17:29 +0300] "GET /storage2/demokraciqta-promo-mario-gavrilov-28.09.2022.mp4.sorry HTTP/1.1" 200 16037046 "http://tv1channel.org/storage2/" "Mozilla/5.0 AppleWebKit/537.36 (KHTML, like Gecko; compatible; GPTBot/1.3; +https://openai.com/gptbot)"
74.7.241.37 - - [01/May/2026:21:17:31 +0300] "GET /storage/pexels-videos-1472013-1600197201.mp4.sorry HTTP/1.1" 200 105261116 "http://tv1channel.org/storage/" "Mozilla/5.0 AppleWebKit/537.36 (KHTML, like Gecko; compatible; GPTBot/1.3; +https://openai.com/gptbot)"
74.7.241.37 - - [01/May/2026:21:17:35 +0300] "GET /storage/promo-alt-za-22-09-1600762185.mp4.sorry HTTP/1.1" 200 40578016 "http://tv1channel.org/storage/" "Mozilla/5.0 AppleWebKit/537.36 (KHTML, like Gecko; compatible; GPTBot/1.3; +https://openai.com/gptbot)"
8.212.20.13 - - [01/May/2026:21:17:37 +0300] "GET /x-cp-RY9Z3DLB.php HTTP/1.1" 200 36833 "-" "curl/7.88.1"
74.7.241.37 - - [01/May/2026:21:17:37 +0300] "GET /storage/promo-alt-za-15-09-1600172082.mp4.sorry HTTP/1.1" 200 70802345 "http://tv1channel.org/storage/" "Mozilla/5.0 AppleWebKit/537.36 (KHTML, like Gecko; compatible; GPTBot/1.3; +https://openai.com/gptbot)"
74.7.241.37 - - [01/May/2026:21:17:40 +0300] "GET /storage/alt-27-11-inet-1606471800.mp4.sorry HTTP/1.1" 200 22043969 "http://tv1channel.org/storage/" "Mozilla/5.0 AppleWebKit/537.36 (KHTML, like Gecko; compatible; GPTBot/1.3; +https://openai.com/gptbot)"
47.76.122.86 - - [01/May/2026:21:17:41 +0300] "GET /x-cp-RY9Z3DLB.php HTTP/1.1" 200 36833 "-" "curl/7.88.1"
74.7.241.37 - - [01/May/2026:21:17:41 +0300] "GET /storage/alt-19-11-inter-1605781044.mp4.sorry HTTP/1.1" 200 20593327 "http://tv1channel.org/storage/" "Mozilla/5.0 AppleWebKit/537.36 (KHTML, like Gecko; compatible; GPTBot/1.3; +https://openai.com/gptbot)"
74.7.241.37 - - [01/May/2026:21:17:42 +0300] "GET /storage/alt-25-11-inet-1606304256.mp4.sorry HTTP/1.1" 200 26676199 "http://tv1channel.org/storage/" "Mozilla/5.0 AppleWebKit/537.36 (KHTML, like Gecko; compatible; GPTBot/1.3; +https://openai.com/gptbot)"
74.7.241.37 - - [01/May/2026:21:17:43 +0300] "GET /storage/promo-alt-za-11-09-1599826832.mp4.sorry HTTP/1.1" 200 43549073 "http://tv1channel.org/storage/" "Mozilla/5.0 AppleWebKit/537.36 (KHTML, like Gecko; compatible; GPTBot/1.3; +https://openai.com/gptbot)"
74.7.241.37 - - [01/May/2026:21:17:45 +0300] "GET /storage/alt-18-11-inter-1605699138.mp4.sorry HTTP/1.1" 200 20340453 "http://tv1channel.org/storage/" "Mozilla/5.0 AppleWebKit/537.36 (KHTML, like Gecko; compatible; GPTBot/1.3; +https://openai.com/gptbot)"
74.7.241.37 - - [01/May/2026:21:17:46 +0300] "GET /storage2/nachalen-signal-episode-demaks-03.04.2022.mp4.sorry HTTP/1.1" 200 848350816 "http://tv1channel.org/storage2/" "Mozilla/5.0 AppleWebKit/537.36 (KHTML, like Gecko; compatible; GPTBot/1.3; +https://openai.com/gptbot)"
74.7.241.37 - - [01/May/2026:21:17:47 +0300] "GET /storage/kakvo-speceli-gerb-ot-igrata-s-proekta-za-nova-konstituciya-01-12-1611481160.mp4.sorry HTTP/1.1" 200 1106533255 "http://tv1channel.org/storage/" "Mozilla/5.0 AppleWebKit/537.36 (KHTML, like Gecko; compatible; GPTBot/1.3; +https://openai.com/gptbot)"
8.217.233.109 - - [01/May/2026:21:17:47 +0300] "GET /x-cp-RY9Z3DLB.php HTTP/1.1" 200 36833 "-" "curl/7.88.1"
74.7.241.37 - - [01/May/2026:21:17:48 +0300] "GET /storage/promo-alt-23-10-inet-1603447990.mp4.sorry HTTP/1.1" 200 16934201 "http://tv1channel.org/storage/" "Mozilla/5.0 AppleWebKit/537.36 (KHTML, like Gecko; compatible; GPTBot/1.3; +https://openai.com/gptbot)"
74.7.241.37 - - [01/May/2026:21:17:49 +0300] "GET /storage/alt_genka_shikerova_16.04.2021.mp4.sorry HTTP/1.1" 200 3914634 "http://tv1channel.org/storage/" "Mozilla/5.0 AppleWebKit/537.36 (KHTML, like Gecko; compatible; GPTBot/1.3; +https://openai.com/gptbot)"
74.7.241.37 - - [01/May/2026:21:17:50 +0300] "GET /storage/pred-proval-li-sa-izborite-otgovorite-v-alternativata-ss-svetla-petrova-16-septemvri-360p-1604505004.mp4.sorry HTTP/1.1" 200 921671409 "http://tv1channel.org/storage/" "Mozilla/5.0 AppleWebKit/537.36 (KHTML, like Gecko; compatible; GPTBot/1.3; +https://openai.com/gptbot)"
47.243.159.82 - - [01/May/2026:21:17:51 +0300] "GET /x-cp-RY9Z3DLB.php HTTP/1.1" 200 36833 "-" "curl/7.88.1"
74.7.241.37 - - [01/May/2026:21:17:51 +0300] "GET /storage/alternativata-episode-lili-marinkova-22.07.2021.mp3.sorry HTTP/1.1" 200 54831132 "http://tv1channel.org/storage/" "Mozilla/5.0 AppleWebKit/537.36 (KHTML, like Gecko; compatible; GPTBot/1.3; +https://openai.com/gptbot)"
74.7.241.37 - - [01/May/2026:21:17:54 +0300] "GET /storage/alternativata-genka-shikerova-20.05.2021.mp4.sorry HTTP/1.1" 200 1794415897 "http://tv1channel.org/storage/" "Mozilla/5.0 AppleWebKit/537.36 (KHTML, like Gecko; compatible; GPTBot/1.3; +https://openai.com/gptbot)"
47.57.241.224 - - [01/May/2026:21:17:57 +0300] "GET / HTTP/1.1" 200 2791 "-" "python-requests/2.31.0"
74.7.241.37 - - [01/May/2026:21:17:55 +0300] "GET /storage/alternativata-genka-shikerova-20.05.2021.mp3.sorry HTTP/1.1" 200 55010914 "http://tv1channel.org/storage/" "Mozilla/5.0 AppleWebKit/537.36 (KHTML, like Gecko; compatible; GPTBot/1.3; +https://openai.com/gptbot)"
74.7.241.37 - - [01/May/2026:21:17:58 +0300] "GET /storage/alternativata-episode-lili-marinkova-22.07.2021.mp4.sorry HTTP/1.1" 200 1793331972 "http://tv1channel.org/storage/" "Mozilla/5.0 AppleWebKit/537.36 (KHTML, like Gecko; compatible; GPTBot/1.3; +https://openai.com/gptbot)"
74.7.241.37 - - [01/May/2026:21:17:59 +0300] "GET /storage/alternativata-promo-lili-marinkova-18.06.2021.mp4.sorry HTTP/1.1" 200 17027536 "http://tv1channel.org/storage/" "Mozilla/5.0 AppleWebKit/537.36 (KHTML, like Gecko; compatible; GPTBot/1.3; +https://openai.com/gptbot)"
74.7.241.37 - - [01/May/2026:21:18:00 +0300] "GET /storage/alternativata-epizode-svetla-petrova-14.06.2021.mp3.sorry HTTP/1.1" 200 55544808 "http://tv1channel.org/storage/" "Mozilla/5.0 AppleWebKit/537.36 (KHTML, like Gecko; compatible; GPTBot/1.3; +https://openai.com/gptbot)"
8.217.207.109 - - [01/May/2026:21:18:05 +0300] "GET / HTTP/1.1" 200 2791 "-" "python-requests/2.31.0"
74.7.241.37 - - [01/May/2026:21:18:03 +0300] "GET /storage/alternativata-episode-lili-marinkova-02.06.2021.mp3.sorry HTTP/1.1" 200 67030483 "http://tv1channel.org/storage/" "Mozilla/5.0 AppleWebKit/537.36 (KHTML, like Gecko; compatible; GPTBot/1.3; +https://openai.com/gptbot)"
74.7.241.37 - - [01/May/2026:21:18:06 +0300] "GET /storage/alternativata-episode-lili-marinkova-02.06.2021.mp4.sorry HTTP/1.1" 200 2183524035 "http://tv1channel.org/storage/" "Mozilla/5.0 AppleWebKit/537.36 (KHTML, like Gecko; compatible; GPTBot/1.3; +https://openai.com/gptbot)"
74.7.241.37 - - [01/May/2026:21:18:06 +0300] "GET /storage/87ee2ed4-a99b-4247-b8f6-7cd4e7ac6f73.jpg.sorry HTTP/1.1" 200 59310 "http://tv1channel.org/storage/" "Mozilla/5.0 AppleWebKit/537.36 (KHTML, like Gecko; compatible; GPTBot/1.3; +https://openai.com/gptbot)"
74.7.241.37 - - [01/May/2026:21:18:07 +0300] "GET /storage/aac2724a-4b62-44e2-bb50-8b9edf26a68d.jpg.sorry HTTP/1.1" 200 14402 "http://tv1channel.org/storage/" "Mozilla/5.0 AppleWebKit/537.36 (KHTML, like Gecko; compatible; GPTBot/1.3; +https://openai.com/gptbot)"
74.7.241.37 - - [01/May/2026:21:18:07 +0300] "GET /storage/a25c9fc0-ce58-44e4-851f-d4aadc9801c6.jpg.sorry HTTP/1.1" 200 69141 "http://tv1channel.org/storage/" "Mozilla/5.0 AppleWebKit/537.36 (KHTML, like Gecko; compatible; GPTBot/1.3; +https://openai.com/gptbot)"
74.7.241.37 - - [01/May/2026:21:18:08 +0300] "GET /storage/7d96be3e-803f-4df1-ae41-e7ab3e0f37b8.jpg.sorry HTTP/1.1" 200 38943 "http://tv1channel.org/storage/" "Mozilla/5.0 AppleWebKit/537.36 (KHTML, like Gecko; compatible; GPTBot/1.3; +https://openai.com/gptbot)"
74.7.241.37 - - [01/May/2026:21:18:08 +0300] "GET /storage/e4facc5a-9616-4da5-a821-760011e1cdad.jpg.sorry HTTP/1.1" 200 18514 "http://tv1channel.org/storage/" "Mozilla/5.0 AppleWebKit/537.36 (KHTML, like Gecko; compatible; GPTBot/1.3; +https://openai.com/gptbot)"
74.7.241.37 - - [01/May/2026:21:18:09 +0300] "GET /storage/bdeb5020-2acd-4029-b4ed-7116d5da02c9.jpg.sorry HTTP/1.1" 200 27783 "http://tv1channel.org/storage/" "Mozilla/5.0 AppleWebKit/537.36 (KHTML, like Gecko; compatible; GPTBot/1.3; +https://openai.com/gptbot)"
74.7.241.37 - - [01/May/2026:21:18:10 +0300] "GET /storage/7a75ba16-499a-4f6d-adab-77b1dac6210f.jpg.sorry HTTP/1.1" 200 38748 "http://tv1channel.org/storage/" "Mozilla/5.0 AppleWebKit/537.36 (KHTML, like Gecko; compatible; GPTBot/1.3; +https://openai.com/gptbot)"
74.7.241.37 - - [01/May/2026:21:18:10 +0300] "GET /storage/85df981f-a8dd-49bc-89b2-e94717fee57e.jpg.sorry HTTP/1.1" 200 18793 "http://tv1channel.org/storage/" "Mozilla/5.0 AppleWebKit/537.36 (KHTML, like Gecko; compatible; GPTBot/1.3; +https://openai.com/gptbot)"
74.7.241.37 - - [01/May/2026:21:18:11 +0300] "GET /storage/9e5c2e8b-e3e6-47c1-880c-fc912ccf55e5.jpg.sorry HTTP/1.1" 200 68871 "http://tv1channel.org/storage/" "Mozilla/5.0 AppleWebKit/537.36 (KHTML, like Gecko; compatible; GPTBot/1.3; +https://openai.com/gptbot)"
74.7.241.37 - - [01/May/2026:21:18:11 +0300] "GET /storage/ec3578b9-b74b-4a65-a86f-04fae80aaf56.jpg.sorry HTTP/1.1" 200 56776 "http://tv1channel.org/storage/" "Mozilla/5.0 AppleWebKit/537.36 (KHTML, like Gecko; compatible; GPTBot/1.3; +https://openai.com/gptbot)"
74.7.241.37 - - [01/May/2026:21:18:12 +0300] "GET /storage/8d49bca7-15bb-4e87-bb31-48c43dabb07f.jpg.sorry HTTP/1.1" 200 32431 "http://tv1channel.org/storage/" "Mozilla/5.0 AppleWebKit/537.36 (KHTML, like Gecko; compatible; GPTBot/1.3; +https://openai.com/gptbot)"
74.7.241.37 - - [01/May/2026:21:18:12 +0300] "GET /storage/dbf82799-9c45-4fda-b4cb-5c93cb4fc139.jpg.sorry HTTP/1.1" 200 44858 "http://tv1channel.org/storage/" "Mozilla/5.0 AppleWebKit/537.36 (KHTML, like Gecko; compatible; GPTBot/1.3; +https://openai.com/gptbot)"
74.7.241.37 - - [01/May/2026:21:18:13 +0300] "GET /storage/7bf03fa3-49a8-4309-857b-6aa1f4a7efac.jpg.sorry HTTP/1.1" 200 29319 "http://tv1channel.org/storage/" "Mozilla/5.0 AppleWebKit/537.36 (KHTML, like Gecko; compatible; GPTBot/1.3; +https://openai.com/gptbot)"
74.7.241.37 - - [01/May/2026:21:18:13 +0300] "GET /storage/fb1620b7-839e-4ada-ae1b-b971da9210b9.jpg.sorry HTTP/1.1" 200 38955 "http://tv1channel.org/storage/" "Mozilla/5.0 AppleWebKit/537.36 (KHTML, like Gecko; compatible; GPTBot/1.3; +https://openai.com/gptbot)"
74.7.241.37 - - [01/May/2026:21:18:14 +0300] "GET /storage/0ec17a3d-a7ec-4386-9e53-e0cb1cdc0e18.jpg.sorry HTTP/1.1" 200 68963 "http://tv1channel.org/storage/" "Mozilla/5.0 AppleWebKit/537.36 (KHTML, like Gecko; compatible; GPTBot/1.3; +https://openai.com/gptbot)"
74.7.241.37 - - [01/May/2026:21:18:14 +0300] "GET /storage/alternativata-genka-shikerova-23.03.2021.mp4.sorry HTTP/1.1" 200 1898732265 "http://tv1channel.org/storage/" "Mozilla/5.0 AppleWebKit/537.36 (KHTML, like Gecko; compatible; GPTBot/1.3; +https://openai.com/gptbot)"
74.7.241.37 - - [01/May/2026:21:18:15 +0300] "GET /storage/alternativata-episode-genka-shikerova-23.06.2021.mp3.sorry HTTP/1.1" 200 53204353 "http://tv1channel.org/storage/" "Mozilla/5.0 AppleWebKit/537.36 (KHTML, like Gecko; compatible; GPTBot/1.3; +https://openai.com/gptbot)"
47.57.6.125 - - [01/May/2026:21:18:19 +0300] "GET / HTTP/1.1" 200 2791 "-" "python-requests/2.31.0"
74.7.241.37 - - [01/May/2026:21:18:18 +0300] "GET /storage/vuprosite-episode-miroluba-benatova-02.11.2021.mp3.sorry HTTP/1.1" 200 54102826 "http://tv1channel.org/storage/" "Mozilla/5.0 AppleWebKit/537.36 (KHTML, like Gecko; compatible; GPTBot/1.3; +https://openai.com/gptbot)"
74.7.241.37 - - [01/May/2026:21:18:20 +0300] "GET /storage/alternativata-epizode-lili-marinkova-24.08.2020.mp4.sorry HTTP/1.1" 200 1201607583 "http://tv1channel.org/storage/" "Mozilla/5.0 AppleWebKit/537.36 (KHTML, like Gecko; compatible; GPTBot/1.3; +https://openai.com/gptbot)"
47.242.70.178 - - [01/May/2026:21:18:21 +0300] "GET / HTTP/1.1" 200 2791 "-" "python-requests/2.31.0"
74.7.241.37 - - [01/May/2026:21:18:21 +0300] "GET /storage/alternativata-promo-genka-shikerova-09.07.2021.mp4.sorry HTTP/1.1" 200 13016490 "http://tv1channel.org/storage/" "Mozilla/5.0 AppleWebKit/537.36 (KHTML, like Gecko; compatible; GPTBot/1.3; +https://openai.com/gptbot)"
8.210.214.143 - - [01/May/2026:21:18:23 +0300] "GET / HTTP/1.1" 200 2791 "-" "python-requests/2.31.0"
74.7.241.37 - - [01/May/2026:21:18:23 +0300] "GET /storage/alternativata-episode-genka-shikerova-01.07.2021.mp3.sorry HTTP/1.1" 200 52568855 "http://tv1channel.org/storage/" "Mozilla/5.0 AppleWebKit/537.36 (KHTML, like Gecko; compatible; GPTBot/1.3; +https://openai.com/gptbot)"
74.7.241.37 - - [01/May/2026:21:18:25 +0300] "GET /storage/demokraciqta-episode-mario-gavrilov-11.10.2021.mp4.sorry HTTP/1.1" 200 1137199675 "http://tv1channel.org/storage/" "Mozilla/5.0 AppleWebKit/537.36 (KHTML, like Gecko; compatible; GPTBot/1.3; +https://openai.com/gptbot)"
74.7.241.37 - - [01/May/2026:21:18:26 +0300] "GET /storage/alternativata-epizode-lili-marinkova-21.08.2020.mp4.sorry HTTP/1.1" 200 1178088385 "http://tv1channel.org/storage/" "Mozilla/5.0 AppleWebKit/537.36 (KHTML, like Gecko; compatible; GPTBot/1.3; +https://openai.com/gptbot)"
74.7.241.37 - - [01/May/2026:21:18:26 +0300] "GET /storage/demokraciqta-episode-mario-gavrilov-01.11.2021.mp4.sorry HTTP/1.1" 200 1154922849 "http://tv1channel.org/storage/" "Mozilla/5.0 AppleWebKit/537.36 (KHTML, like Gecko; compatible; GPTBot/1.3; +https://openai.com/gptbot)"
47.76.246.42 - - [01/May/2026:21:18:27 +0300] "GET / HTTP/1.1" 200 2791 "-" "python-requests/2.31.0"
74.7.241.37 - - [01/May/2026:21:18:26 +0300] "GET /storage/alternativata-promo-genka-shikerova-01.07.2021.mp4.sorry HTTP/1.1" 200 12483172 "http://tv1channel.org/storage/" "Mozilla/5.0 AppleWebKit/537.36 (KHTML, like Gecko; compatible; GPTBot/1.3; +https://openai.com/gptbot)"
74.7.241.37 - - [01/May/2026:21:18:28 +0300] "GET /storage/alternativata-epizode-kalin-manolov-28.08.2020.mp4.sorry HTTP/1.1" 200 1116328363 "http://tv1channel.org/storage/" "Mozilla/5.0 AppleWebKit/537.36 (KHTML, like Gecko; compatible; GPTBot/1.3; +https://openai.com/gptbot)"
74.7.241.37 - - [01/May/2026:21:18:29 +0300] "GET /storage/vaprosite-episode-miroliuba-benatova-30.10.2021.mp3.sorry HTTP/1.1" 200 53345662 "http://tv1channel.org/storage/" "Mozilla/5.0 AppleWebKit/537.36 (KHTML, like Gecko; compatible; GPTBot/1.3; +https://openai.com/gptbot)"
47.57.239.201 - - [01/May/2026:21:18:32 +0300] "GET / HTTP/1.1" 200 2791 "-" "python-requests/2.31.0"
74.7.241.37 - - [01/May/2026:21:18:32 +0300] "GET /storage/alternativata-episode-lili-marinkova-28.06.2021.mp3.sorry HTTP/1.1" 200 55854596 "http://tv1channel.org/storage/" "Mozilla/5.0 AppleWebKit/537.36 (KHTML, like Gecko; compatible; GPTBot/1.3; +https://openai.com/gptbot)"
74.7.241.37 - - [01/May/2026:21:18:34 +0300] "GET /storage/vuprosite-episode-miroluba-benatova-02.11.2021.mp4.sorry HTTP/1.1" 200 1128230558 "http://tv1channel.org/storage/" "Mozilla/5.0 AppleWebKit/537.36 (KHTML, like Gecko; compatible; GPTBot/1.3; +https://openai.com/gptbot)"
47.238.116.94 - - [01/May/2026:21:18:35 +0300] "GET / HTTP/1.1" 200 2791 "-" "python-requests/2.31.0"
74.7.241.37 - - [01/May/2026:21:18:35 +0300] "GET /storage/vuprosite-episode-miroluba-benatova-23.12.2021.mp3.sorry HTTP/1.1" 200 52353963 "http://tv1channel.org/storage/" "Mozilla/5.0 AppleWebKit/537.36 (KHTML, like Gecko; compatible; GPTBot/1.3; +https://openai.com/gptbot)"
74.7.241.37 - - [01/May/2026:21:18:38 +0300] "GET /storage/promo-alternativata-genka-shikerova-05.03.2021.mp4.sorry HTTP/1.1" 200 2772209 "http://tv1channel.org/storage/" "Mozilla/5.0 AppleWebKit/537.36 (KHTML, like Gecko; compatible; GPTBot/1.3; +https://openai.com/gptbot)"
47.57.6.125 - - [01/May/2026:21:18:39 +0300] "GET / HTTP/1.1" 200 2791 "-" "python-requests/2.31.0"
74.7.241.37 - - [01/May/2026:21:18:39 +0300] "GET /storage/demokraciqta-episode-mario-gavrilov-29.11.2021.mp4.sorry HTTP/1.1" 200 1753064685 "http://tv1channel.org/storage/" "Mozilla/5.0 AppleWebKit/537.36 (KHTML, like Gecko; compatible; GPTBot/1.3; +https://openai.com/gptbot)"
74.7.241.37 - - [01/May/2026:21:18:39 +0300] "GET /storage/alternativata-epizode-iliqn-vasilev-25.04.2020.mp4.sorry HTTP/1.1" 200 1529226447 "http://tv1channel.org/storage/" "Mozilla/5.0 AppleWebKit/537.36 (KHTML, like Gecko; compatible; GPTBot/1.3; +https://openai.com/gptbot)"
8.210.221.169 - - [01/May/2026:21:18:43 +0300] "GET / HTTP/1.1" 200 2791 "-" "python-requests/2.31.0"
74.7.241.37 - - [01/May/2026:21:18:40 +0300] "GET /storage/demokraciqta-episode-mario-gavrilov-01.11.2021.mp3.sorry HTTP/1.1" 200 55422305 "http://tv1channel.org/storage/" "Mozilla/5.0 AppleWebKit/537.36 (KHTML, like Gecko; compatible; GPTBot/1.3; +https://openai.com/gptbot)"
74.7.241.37 - - [01/May/2026:21:18:43 +0300] "GET /storage/vuprosite-episode-miroluba-benatova-10.11.2021.mp3.sorry HTTP/1.1" 200 56488839 "http://tv1channel.org/storage/" "Mozilla/5.0 AppleWebKit/537.36 (KHTML, like Gecko; compatible; GPTBot/1.3; +https://openai.com/gptbot)"
74.7.241.37 - - [01/May/2026:21:18:46 +0300] "GET /storage/alternativata-promo-genka-shikerova-15.06.2021.mp4.sorry HTTP/1.1" 200 23742363 "http://tv1channel.org/storage/" "Mozilla/5.0 AppleWebKit/537.36 (KHTML, like Gecko; compatible; GPTBot/1.3; +https://openai.com/gptbot)"
74.7.241.37 - - [01/May/2026:21:18:47 +0300] "GET /storage/alternativata-epizode-genka-shikerova-28.04.2020.mp4.sorry HTTP/1.1" 200 1756822555 "http://tv1channel.org/storage/" "Mozilla/5.0 AppleWebKit/537.36 (KHTML, like Gecko; compatible; GPTBot/1.3; +https://openai.com/gptbot)"
74.7.241.37 - - [01/May/2026:21:18:48 +0300] "GET /storage/vuprosite-episode-miroluba-benatova-22.10.2021.mp4.sorry HTTP/1.1" 200 1122418152 "http://tv1channel.org/storage/" "Mozilla/5.0 AppleWebKit/537.36 (KHTML, like Gecko; compatible; GPTBot/1.3; +https://openai.com/gptbot)"
74.7.241.37 - - [01/May/2026:21:18:48 +0300] "GET /storage/alternativata-genka-shikerova-15.03.2021.mp4.sorry HTTP/1.1" 200 1819062859 "http://tv1channel.org/storage/" "Mozilla/5.0 AppleWebKit/537.36 (KHTML, like Gecko; compatible; GPTBot/1.3; +https://openai.com/gptbot)"
74.7.241.37 - - [01/May/2026:21:18:48 +0300] "GET /storage/alternativata-epizode-lili-marinkova-10.08.2020.mp4.sorry HTTP/1.1" 200 1796830266 "http://tv1channel.org/storage/" "Mozilla/5.0 AppleWebKit/537.36 (KHTML, like Gecko; compatible; GPTBot/1.3; +https://openai.com/gptbot)"
74.7.241.37 - - [01/May/2026:21:18:49 +0300] "GET /storage/alternativata-episode-lili-marinkova-14.07.2021.mp4.sorry HTTP/1.1" 200 1179816128 "http://tv1channel.org/storage/" "Mozilla/5.0 AppleWebKit/537.36 (KHTML, like Gecko; compatible; GPTBot/1.3; +https://openai.com/gptbot)"
74.7.241.37 - - [01/May/2026:21:18:50 +0300] "GET /storage/alternativata-epizode-kalin-manolov-08.09.2020.mp4.sorry HTTP/1.1" 200 549899878 "http://tv1channel.org/storage/" "Mozilla/5.0 AppleWebKit/537.36 (KHTML, like Gecko; compatible; GPTBot/1.3; +https://openai.com/gptbot)"
8.212.20.13 - - [01/May/2026:21:18:52 +0300] "GET / HTTP/1.1" 200 2791 "-" "python-requests/2.31.0"
74.7.241.37 - - [01/May/2026:21:18:50 +0300] "GET /storage/alternativata-genka-shikerova-26.04.2021.mp3.sorry HTTP/1.1" 200 55618807 "http://tv1channel.org/storage/" "Mozilla/5.0 AppleWebKit/537.36 (KHTML, like Gecko; compatible; GPTBot/1.3; +https://openai.com/gptbot)"
74.7.241.37 - - [01/May/2026:21:18:53 +0300] "GET /storage/demokraciqta-episode-mario-gavrilov-20.09.2021.mp3.sorry HTTP/1.1" 200 55205464 "http://tv1channel.org/storage/" "Mozilla/5.0 AppleWebKit/537.36 (KHTML, like Gecko; compatible; GPTBot/1.3; +https://openai.com/gptbot)"
74.7.241.37 - - [01/May/2026:21:18:56 +0300] "GET /storage/alternativata-episode-lili-marinkova-10.06.2021.mp3.sorry HTTP/1.1" 200 57395255 "http://tv1channel.org/storage/" "Mozilla/5.0 AppleWebKit/537.36 (KHTML, like Gecko; compatible; GPTBot/1.3; +https://openai.com/gptbot)"
74.7.241.37 - - [01/May/2026:21:18:58 +0300] "GET /storage/vuprosite-episode-miroluba-benatova-22.10.2021.mp3.sorry HTTP/1.1" 200 53905072 "http://tv1channel.org/storage/" "Mozilla/5.0 AppleWebKit/537.36 (KHTML, like Gecko; compatible; GPTBot/1.3; +https://openai.com/gptbot)"
74.7.241.37 - - [01/May/2026:21:19:00 +0300] "GET /storage/alternativata-episode-lili-marinkova-10.06.2021.mp4.sorry HTTP/1.1" 200 1927151917 "http://tv1channel.org/storage/" "Mozilla/5.0 AppleWebKit/537.36 (KHTML, like Gecko; compatible; GPTBot/1.3; +https://openai.com/gptbot)"
74.7.241.37 - - [01/May/2026:21:19:01 +0300] "GET /storage/alternativata-promo-genka-shikerova-06.07.2021.mp4.sorry HTTP/1.1" 200 17976781 "http://tv1channel.org/storage/" "Mozilla/5.0 AppleWebKit/537.36 (KHTML, like Gecko; compatible; GPTBot/1.3; +https://openai.com/gptbot)"
8.210.214.143 - - [01/May/2026:21:19:05 +0300] "GET / HTTP/1.1" 200 2791 "-" "python-requests/2.31.0"
74.7.241.37 - - [01/May/2026:21:19:03 +0300] "GET /storage/alternativata-genka-shikerova-05.03.2021.mp4.sorry HTTP/1.1" 200 340258475 "http://tv1channel.org/storage/" "Mozilla/5.0 AppleWebKit/537.36 (KHTML, like Gecko; compatible; GPTBot/1.3; +https://openai.com/gptbot)"
74.7.241.37 - - [01/May/2026:21:19:16 +0300] "GET /storage/alternativata-genka-shikerova-04.05.2021.mp3.sorry HTTP/1.1" 200 59107736 "http://tv1channel.org/storage/" "Mozilla/5.0 AppleWebKit/537.36 (KHTML, like Gecko; compatible; GPTBot/1.3; +https://openai.com/gptbot)"
74.7.241.37 - - [01/May/2026:21:19:19 +0300] "GET /storage/alternativata-genka-shikerova-08.04.2021.mp4.sorry HTTP/1.1" 200 1790150051 "http://tv1channel.org/storage/" "Mozilla/5.0 AppleWebKit/537.36 (KHTML, like Gecko; compatible; GPTBot/1.3; +https://openai.com/gptbot)"
74.7.241.37 - - [01/May/2026:21:19:20 +0300] "GET /storage/alternativata-epizode-genka-shikerova-14.04.2020.mp4.sorry HTTP/1.1" 200 1229441201 "http://tv1channel.org/storage/" "Mozilla/5.0 AppleWebKit/537.36 (KHTML, like Gecko; compatible; GPTBot/1.3; +https://openai.com/gptbot)"
74.7.241.37 - - [01/May/2026:21:19:20 +0300] "GET /storage/demokraciqta-episode-mario-gavrilov-02.07.2021.mp3.sorry HTTP/1.1" 200 54240375 "http://tv1channel.org/storage/" "Mozilla/5.0 AppleWebKit/537.36 (KHTML, like Gecko; compatible; GPTBot/1.3; +https://openai.com/gptbot)"
74.7.241.37 - - [01/May/2026:21:19:24 +0300] "GET /storage/alternativata-epizode-genka-shikerova-21.04.2020.mp4.sorry HTTP/1.1" 200 2614752342 "http://tv1channel.org/storage/" "Mozilla/5.0 AppleWebKit/537.36 (KHTML, like Gecko; compatible; GPTBot/1.3; +https://openai.com/gptbot)"
74.7.241.37 - - [01/May/2026:21:19:24 +0300] "GET /storage/demokraciqta-episode-mario-gavrilov-04.10.2021.mp4.sorry HTTP/1.1" 200 1151527061 "http://tv1channel.org/storage/" "Mozilla/5.0 AppleWebKit/537.36 (KHTML, like Gecko; compatible; GPTBot/1.3; +https://openai.com/gptbot)"
74.7.241.37 - - [01/May/2026:21:19:25 +0300] "GET /storage/alternativata-episode-lili-marinkova-28.06.2021.mp4.sorry HTTP/1.1" 200 1815895259 "http://tv1channel.org/storage/" "Mozilla/5.0 AppleWebKit/537.36 (KHTML, like Gecko; compatible; GPTBot/1.3; +https://openai.com/gptbot)"
74.7.241.37 - - [01/May/2026:21:19:25 +0300] "GET /storage/alternativata-genka-shikerova-04.05.2021.mp4.sorry HTTP/1.1" 200 1933301783 "http://tv1channel.org/storage/" "Mozilla/5.0 AppleWebKit/537.36 (KHTML, like Gecko; compatible; GPTBot/1.3; +https://openai.com/gptbot)"
74.7.241.37 - - [01/May/2026:21:19:26 +0300] "GET /storage/alternativata-epizode-genka-shikerova-30.04.2020.mp4.sorry HTTP/1.1" 200 1877733539 "http://tv1channel.org/storage/" "Mozilla/5.0 AppleWebKit/537.36 (KHTML, like Gecko; compatible; GPTBot/1.3; +https://openai.com/gptbot)"
74.7.241.37 - - [01/May/2026:21:19:26 +0300] "GET /storage/alternativata-genka-shikerova-12.05.2021.mp4.sorry HTTP/1.1" 200 1835990282 "http://tv1channel.org/storage/" "Mozilla/5.0 AppleWebKit/537.36 (KHTML, like Gecko; compatible; GPTBot/1.3; +https://openai.com/gptbot)"
8.212.40.122 - - [01/May/2026:21:19:27 +0300] "GET / HTTP/1.1" 200 2791 "-" "python-requests/2.31.0"
74.7.241.37 - - [01/May/2026:21:19:27 +0300] "GET /storage/alternativata-epizode-kalin-manolov-01.09.2020.mp4.sorry HTTP/1.1" 200 1765747933 "http://tv1channel.org/storage/" "Mozilla/5.0 AppleWebKit/537.36 (KHTML, like Gecko; compatible; GPTBot/1.3; +https://openai.com/gptbot)"
74.7.241.37 - - [01/May/2026:21:19:27 +0300] "GET /storage/demokraciqta-episode-mario-gavrilov-24.01.2022.mp4.sorry HTTP/1.1" 200 1102202194 "http://tv1channel.org/storage/" "Mozilla/5.0 AppleWebKit/537.36 (KHTML, like Gecko; compatible; GPTBot/1.3; +https://openai.com/gptbot)"
74.7.241.37 - - [01/May/2026:21:19:28 +0300] "GET /storage/demokraciqta-episode-mario-gavrilov-20.09.2021.mp4.sorry HTTP/1.1" 200 1138343167 "http://tv1channel.org/storage/" "Mozilla/5.0 AppleWebKit/537.36 (KHTML, like Gecko; compatible; GPTBot/1.3; +https://openai.com/gptbot)"
74.7.241.37 - - [01/May/2026:21:19:28 +0300] "GET /storage/demokraciqta-episode-mario-gavrilov-20.12.2021.mp4.sorry HTTP/1.1" 200 1762379745 "http://tv1channel.org/storage/" "Mozilla/5.0 AppleWebKit/537.36 (KHTML, like Gecko; compatible; GPTBot/1.3; +https://openai.com/gptbot)"
8.210.184.103 - - [01/May/2026:21:19:32 +0300] "GET / HTTP/1.1" 200 2791 "-" "python-requests/2.31.0"
74.7.241.37 - - [01/May/2026:21:19:29 +0300] "GET /storage/alternativata-genka-shikerova-12.05.2021.mp3.sorry HTTP/1.1" 200 56451642 "http://tv1channel.org/storage/" "Mozilla/5.0 AppleWebKit/537.36 (KHTML, like Gecko; compatible; GPTBot/1.3; +https://openai.com/gptbot)"
74.7.241.37 - - [01/May/2026:21:19:32 +0300] "GET /storage/demokraciqta-episode-mario-gavrilov-20.12.2021.mp3.sorry HTTP/1.1" 200 54434368 "http://tv1channel.org/storage/" "Mozilla/5.0 AppleWebKit/537.36 (KHTML, like Gecko; compatible; GPTBot/1.3; +https://openai.com/gptbot)"
74.7.241.37 - - [01/May/2026:21:19:35 +0300] "GET /storage/alternativata-promo-genka-shikerova-19.07.2021.mp4.sorry HTTP/1.1" 200 12268313 "http://tv1channel.org/storage/" "Mozilla/5.0 AppleWebKit/537.36 (KHTML, like Gecko; compatible; GPTBot/1.3; +https://openai.com/gptbot)"
74.7.241.37 - - [01/May/2026:21:19:36 +0300] "GET /storage/alternativata-episode-genka-shikerova-01.07.2021.mp4.sorry HTTP/1.1" 200 1712807599 "http://tv1channel.org/storage/" "Mozilla/5.0 AppleWebKit/537.36 (KHTML, like Gecko; compatible; GPTBot/1.3; +https://openai.com/gptbot)"
74.7.241.37 - - [01/May/2026:21:19:36 +0300] "GET /storage/alternativata-genka-shikerova-16.04.2021.mp4.sorry HTTP/1.1" 200 1758381497 "http://tv1channel.org/storage/" "Mozilla/5.0 AppleWebKit/537.36 (KHTML, like Gecko; compatible; GPTBot/1.3; +https://openai.com/gptbot)"
74.7.241.37 - - [01/May/2026:21:19:37 +0300] "GET /storage/alternativata-promo-genka-shikerova-23.06.2021.mp4.sorry HTTP/1.1" 200 19378552 "http://tv1channel.org/storage/" "Mozilla/5.0 AppleWebKit/537.36 (KHTML, like Gecko; compatible; GPTBot/1.3; +https://openai.com/gptbot)"
74.7.241.37 - - [01/May/2026:21:19:39 +0300] "GET /storage/vuprosite-episode-miroluba-benatova-10.11.2021.mp4.sorry HTTP/1.1" 200 1177035870 "http://tv1channel.org/storage/" "Mozilla/5.0 AppleWebKit/537.36 (KHTML, like Gecko; compatible; GPTBot/1.3; +https://openai.com/gptbot)"
74.7.241.37 - - [01/May/2026:21:19:39 +0300] "GET /storage/demokraciqta-episode-mario-gavrilov-02.07.2021.mp4.sorry HTTP/1.1" 200 1650552352 "http://tv1channel.org/storage/" "Mozilla/5.0 AppleWebKit/537.36 (KHTML, like Gecko; compatible; GPTBot/1.3; +https://openai.com/gptbot)"
74.7.241.37 - - [01/May/2026:21:19:40 +0300] "GET /storage/alternativata-epizode-genka-shikerova-23.04.2020.mp4.sorry HTTP/1.1" 200 1187090269 "http://tv1channel.org/storage/" "Mozilla/5.0 AppleWebKit/537.36 (KHTML, like Gecko; compatible; GPTBot/1.3; +https://openai.com/gptbot)"
74.7.241.37 - - [01/May/2026:21:19:40 +0300] "GET /storage/alternativata-episode-kalin-manolov-03.06.2021.mp3.sorry HTTP/1.1" 200 71351829 "http://tv1channel.org/storage/" "Mozilla/5.0 AppleWebKit/537.36 (KHTML, like Gecko; compatible; GPTBot/1.3; +https://openai.com/gptbot)"
74.7.241.37 - - [01/May/2026:21:19:44 +0300] "GET /storage/demokraciqta-episode-mario-gavrilov-11.10.2021.mp3.sorry HTTP/1.1" 200 54741231 "http://tv1channel.org/storage/" "Mozilla/5.0 AppleWebKit/537.36 (KHTML, like Gecko; compatible; GPTBot/1.3; +https://openai.com/gptbot)"
74.7.241.37 - - [01/May/2026:21:19:47 +0300] "GET /storage/alternativata-genka-shikerova-26.04.2021.mp4.sorry HTTP/1.1" 200 1815926551 "http://tv1channel.org/storage/" "Mozilla/5.0 AppleWebKit/537.36 (KHTML, like Gecko; compatible; GPTBot/1.3; +https://openai.com/gptbot)"
74.7.241.37 - - [01/May/2026:21:19:47 +0300] "GET /storage/vuprosite-episode-miroluba-benatova-14.10.2021.mp4.sorry HTTP/1.1" 200 1105535717 "http://tv1channel.org/storage/" "Mozilla/5.0 AppleWebKit/537.36 (KHTML, like Gecko; compatible; GPTBot/1.3; +https://openai.com/gptbot)"
74.7.241.37 - - [01/May/2026:21:19:48 +0300] "GET /storage2/vuprosite-promo-miroluba-benatova-27.10.2022.mp4.sorry HTTP/1.1" 200 13387569 "http://tv1channel.org/storage2/" "Mozilla/5.0 AppleWebKit/537.36 (KHTML, like Gecko; compatible; GPTBot/1.3; +https://openai.com/gptbot)"
74.7.241.37 - - [01/May/2026:21:19:49 +0300] "GET /storage2/vuprosite-promo-miroluba-benatova-26.05.2022.mp4.sorry HTTP/1.1" 200 21447726 "http://tv1channel.org/storage2/" "Mozilla/5.0 AppleWebKit/537.36 (KHTML, like Gecko; compatible; GPTBot/1.3; +https://openai.com/gptbot)"
74.7.241.37 - - [01/May/2026:21:19:51 +0300] "GET /storage2/vuprosite-promo-miroluba-benatova-12.08.2022.mp4.sorry HTTP/1.1" 200 20641302 "http://tv1channel.org/storage2/" "Mozilla/5.0 AppleWebKit/537.36 (KHTML, like Gecko; compatible; GPTBot/1.3; +https://openai.com/gptbot)"
