74.7.241.37 - - [01/May/2026:20:47:11 +0300] "GET /storage/denjat-s-veselin-dremjiev-27.04.2021.mp3.sorry HTTP/1.1" 200 53121995 "http://tv1channel.org/storage/" "Mozilla/5.0 AppleWebKit/537.36 (KHTML, like Gecko; compatible; GPTBot/1.3; +https://openai.com/gptbot)"
74.7.241.37 - - [01/May/2026:20:47:14 +0300] "GET /storage/denajt-s-veselin-dremjiev-06.05.2021.mp3.sorry HTTP/1.1" 200 53682220 "http://tv1channel.org/storage/" "Mozilla/5.0 AppleWebKit/537.36 (KHTML, like Gecko; compatible; GPTBot/1.3; +https://openai.com/gptbot)"
74.7.241.37 - - [01/May/2026:20:47:16 +0300] "GET /storage2/denqt-episode-veselin-dremdjiev-22.07.2022.mp4.sorry HTTP/1.1" 200 998129747 "http://tv1channel.org/storage2/" "Mozilla/5.0 AppleWebKit/537.36 (KHTML, like Gecko; compatible; GPTBot/1.3; +https://openai.com/gptbot)"
74.7.241.37 - - [01/May/2026:20:47:17 +0300] "GET /storage2/denqt-episode-veselin-dremdjiev-22.11.2022.mp4.sorry HTTP/1.1" 200 1749804177 "http://tv1channel.org/storage2/" "Mozilla/5.0 AppleWebKit/537.36 (KHTML, like Gecko; compatible; GPTBot/1.3; +https://openai.com/gptbot)"
74.7.241.37 - - [01/May/2026:20:47:18 +0300] "GET /storage2/vuprosite-promo-emiliq-milcheva-02.04.2022.mp4.sorry HTTP/1.1" 200 17760590 "http://tv1channel.org/storage2/" "Mozilla/5.0 AppleWebKit/537.36 (KHTML, like Gecko; compatible; GPTBot/1.3; +https://openai.com/gptbot)"
74.7.241.37 - - [01/May/2026:20:47:19 +0300] "GET /storage2/vuprosite-promo-genka-shikerova-11.02.2022.mp4.sorry HTTP/1.1" 200 2887982 "http://tv1channel.org/storage2/" "Mozilla/5.0 AppleWebKit/537.36 (KHTML, like Gecko; compatible; GPTBot/1.3; +https://openai.com/gptbot)"
74.7.241.37 - - [01/May/2026:20:47:20 +0300] "GET /storage2/vuprosite-episode-lili-marinkova-22.12.2022.mp4.sorry HTTP/1.1" 200 1801605815 "http://tv1channel.org/storage2/" "Mozilla/5.0 AppleWebKit/537.36 (KHTML, like Gecko; compatible; GPTBot/1.3; +https://openai.com/gptbot)"
74.7.241.37 - - [01/May/2026:20:47:21 +0300] "GET /storage2/maladite-promo-viktoriq-markova-21.03.2022.mp4.sorry HTTP/1.1" 200 17154928 "http://tv1channel.org/storage2/" "Mozilla/5.0 AppleWebKit/537.36 (KHTML, like Gecko; compatible; GPTBot/1.3; +https://openai.com/gptbot)"
74.7.241.37 - - [01/May/2026:20:47:22 +0300] "GET /storage2/vuprosite-promo-genka-shikerova-01.12.2022.mp4.sorry HTTP/1.1" 200 16053657 "http://tv1channel.org/storage2/" "Mozilla/5.0 AppleWebKit/537.36 (KHTML, like Gecko; compatible; GPTBot/1.3; +https://openai.com/gptbot)"
74.7.241.37 - - [01/May/2026:20:47:23 +0300] "GET /storage2/mladite-episode-viktor-teodosiev-03.10.2022.mp4.sorry HTTP/1.1" 200 603894485 "http://tv1channel.org/storage2/" "Mozilla/5.0 AppleWebKit/537.36 (KHTML, like Gecko; compatible; GPTBot/1.3; +https://openai.com/gptbot)"
74.7.241.37 - - [01/May/2026:20:47:24 +0300] "GET /storage2/denqt-episode-veselin-dremdjiev-12.12.2022.mp4.sorry HTTP/1.1" 200 1753620216 "http://tv1channel.org/storage2/" "Mozilla/5.0 AppleWebKit/537.36 (KHTML, like Gecko; compatible; GPTBot/1.3; +https://openai.com/gptbot)"
74.7.241.37 - - [01/May/2026:20:47:24 +0300] "GET /storage2/vuprosite-promo-genka-shikerova-04.02.2023.mp4.sorry HTTP/1.1" 200 13565234 "http://tv1channel.org/storage2/" "Mozilla/5.0 AppleWebKit/537.36 (KHTML, like Gecko; compatible; GPTBot/1.3; +https://openai.com/gptbot)"
74.7.241.37 - - [01/May/2026:20:47:26 +0300] "GET /storage2/denqt-episode-veselin-dremdjiev-23.02.2023.mp4.sorry HTTP/1.1" 200 1768031631 "http://tv1channel.org/storage2/" "Mozilla/5.0 AppleWebKit/537.36 (KHTML, like Gecko; compatible; GPTBot/1.3; +https://openai.com/gptbot)"
74.7.241.37 - - [01/May/2026:20:47:27 +0300] "GET /storage2/vienna-symphony-orchestra-promo-01.01.2023.mp4.sorry HTTP/1.1" 200 7295861 "http://tv1channel.org/storage2/" "Mozilla/5.0 AppleWebKit/537.36 (KHTML, like Gecko; compatible; GPTBot/1.3; +https://openai.com/gptbot)"
74.7.241.37 - - [01/May/2026:20:47:28 +0300] "GET /storage2/vuprosite-promo-genka-shikerowa-20.04.2022.mp4.sorry HTTP/1.1" 200 14412951 "http://tv1channel.org/storage2/" "Mozilla/5.0 AppleWebKit/537.36 (KHTML, like Gecko; compatible; GPTBot/1.3; +https://openai.com/gptbot)"
74.7.241.37 - - [01/May/2026:20:47:29 +0300] "GET /storage2/denqt-episode-veselin-dremdjiev-02.02.2023.mp4.sorry HTTP/1.1" 200 1346691821 "http://tv1channel.org/storage2/" "Mozilla/5.0 AppleWebKit/537.36 (KHTML, like Gecko; compatible; GPTBot/1.3; +https://openai.com/gptbot)"
2.26.252.212 - - [01/May/2026:20:47:30 +0300] "HEAD /wordpress HTTP/1.1" 404 - "-" "Mozilla/5.0 (Windows NT 10.0; Win64; x64) AppleWebKit/537.36 (KHTML, like Gecko) Chrome/74.0.3729.169 Safari/537.36"
2.26.252.212 - - [01/May/2026:20:47:30 +0300] "HEAD /Wordpress HTTP/1.1" 404 - "-" "Mozilla/5.0 (Windows NT 10.0; Win64; x64) AppleWebKit/537.36 (KHTML, like Gecko) Chrome/74.0.3729.169 Safari/537.36"
2.26.252.212 - - [01/May/2026:20:47:30 +0300] "HEAD /WORDPRESS HTTP/1.1" 404 - "-" "Mozilla/5.0 (Windows NT 10.0; Win64; x64) AppleWebKit/537.36 (KHTML, like Gecko) Chrome/74.0.3729.169 Safari/537.36"
2.26.252.212 - - [01/May/2026:20:47:30 +0300] "HEAD /WordPress HTTP/1.1" 404 - "-" "Mozilla/5.0 (Windows NT 10.0; Win64; x64) AppleWebKit/537.36 (KHTML, like Gecko) Chrome/74.0.3729.169 Safari/537.36"
2.26.252.212 - - [01/May/2026:20:47:30 +0300] "HEAD /wp HTTP/1.1" 404 - "-" "Mozilla/5.0 (Windows NT 10.0; Win64; x64) AppleWebKit/537.36 (KHTML, like Gecko) Chrome/74.0.3729.169 Safari/537.36"
2.26.252.212 - - [01/May/2026:20:47:30 +0300] "HEAD /Wp HTTP/1.1" 404 - "-" "Mozilla/5.0 (Windows NT 10.0; Win64; x64) AppleWebKit/537.36 (KHTML, like Gecko) Chrome/74.0.3729.169 Safari/537.36"
2.26.252.212 - - [01/May/2026:20:47:30 +0300] "HEAD /WP HTTP/1.1" 404 - "-" "Mozilla/5.0 (Windows NT 10.0; Win64; x64) AppleWebKit/537.36 (KHTML, like Gecko) Chrome/74.0.3729.169 Safari/537.36"
2.26.252.212 - - [01/May/2026:20:47:30 +0300] "HEAD /old HTTP/1.1" 404 - "-" "Mozilla/5.0 (Windows NT 10.0; Win64; x64) AppleWebKit/537.36 (KHTML, like Gecko) Chrome/74.0.3729.169 Safari/537.36"
2.26.252.212 - - [01/May/2026:20:47:30 +0300] "HEAD /Old HTTP/1.1" 404 - "-" "Mozilla/5.0 (Windows NT 10.0; Win64; x64) AppleWebKit/537.36 (KHTML, like Gecko) Chrome/74.0.3729.169 Safari/537.36"
2.26.252.212 - - [01/May/2026:20:47:30 +0300] "HEAD /OLD HTTP/1.1" 404 - "-" "Mozilla/5.0 (Windows NT 10.0; Win64; x64) AppleWebKit/537.36 (KHTML, like Gecko) Chrome/74.0.3729.169 Safari/537.36"
2.26.252.212 - - [01/May/2026:20:47:30 +0300] "HEAD /oldsite HTTP/1.1" 404 - "-" "Mozilla/5.0 (Windows NT 10.0; Win64; x64) AppleWebKit/537.36 (KHTML, like Gecko) Chrome/74.0.3729.169 Safari/537.36"
2.26.252.212 - - [01/May/2026:20:47:30 +0300] "HEAD /new HTTP/1.1" 404 - "-" "Mozilla/5.0 (Windows NT 10.0; Win64; x64) AppleWebKit/537.36 (KHTML, like Gecko) Chrome/74.0.3729.169 Safari/537.36"
2.26.252.212 - - [01/May/2026:20:47:30 +0300] "HEAD /New HTTP/1.1" 404 - "-" "Mozilla/5.0 (Windows NT 10.0; Win64; x64) AppleWebKit/537.36 (KHTML, like Gecko) Chrome/74.0.3729.169 Safari/537.36"
2.26.252.212 - - [01/May/2026:20:47:30 +0300] "HEAD /NEW HTTP/1.1" 404 - "-" "Mozilla/5.0 (Windows NT 10.0; Win64; x64) AppleWebKit/537.36 (KHTML, like Gecko) Chrome/74.0.3729.169 Safari/537.36"
2.26.252.212 - - [01/May/2026:20:47:30 +0300] "HEAD /wp-old HTTP/1.1" 404 - "-" "Mozilla/5.0 (Windows NT 10.0; Win64; x64) AppleWebKit/537.36 (KHTML, like Gecko) Chrome/74.0.3729.169 Safari/537.36"
2.26.252.212 - - [01/May/2026:20:47:31 +0300] "HEAD /2022 HTTP/1.1" 404 - "-" "Mozilla/5.0 (Windows NT 10.0; Win64; x64) AppleWebKit/537.36 (KHTML, like Gecko) Chrome/74.0.3729.169 Safari/537.36"
2.26.252.212 - - [01/May/2026:20:47:31 +0300] "HEAD /2023 HTTP/1.1" 404 - "-" "Mozilla/5.0 (Windows NT 10.0; Win64; x64) AppleWebKit/537.36 (KHTML, like Gecko) Chrome/74.0.3729.169 Safari/537.36"
2.26.252.212 - - [01/May/2026:20:47:31 +0300] "HEAD /2024 HTTP/1.1" 404 - "-" "Mozilla/5.0 (Windows NT 10.0; Win64; x64) AppleWebKit/537.36 (KHTML, like Gecko) Chrome/74.0.3729.169 Safari/537.36"
2.26.252.212 - - [01/May/2026:20:47:31 +0300] "HEAD /2017 HTTP/1.1" 404 - "-" "Mozilla/5.0 (Windows NT 10.0; Win64; x64) AppleWebKit/537.36 (KHTML, like Gecko) Chrome/74.0.3729.169 Safari/537.36"
2.26.252.212 - - [01/May/2026:20:47:31 +0300] "HEAD /2020 HTTP/1.1" 404 - "-" "Mozilla/5.0 (Windows NT 10.0; Win64; x64) AppleWebKit/537.36 (KHTML, like Gecko) Chrome/74.0.3729.169 Safari/537.36"
2.26.252.212 - - [01/May/2026:20:47:31 +0300] "HEAD /2019 HTTP/1.1" 404 - "-" "Mozilla/5.0 (Windows NT 10.0; Win64; x64) AppleWebKit/537.36 (KHTML, like Gecko) Chrome/74.0.3729.169 Safari/537.36"
2.26.252.212 - - [01/May/2026:20:47:31 +0300] "HEAD /2018 HTTP/1.1" 404 - "-" "Mozilla/5.0 (Windows NT 10.0; Win64; x64) AppleWebKit/537.36 (KHTML, like Gecko) Chrome/74.0.3729.169 Safari/537.36"
2.26.252.212 - - [01/May/2026:20:47:31 +0300] "HEAD /backup HTTP/1.1" 404 - "-" "Mozilla/5.0 (Windows NT 10.0; Win64; x64) AppleWebKit/537.36 (KHTML, like Gecko) Chrome/74.0.3729.169 Safari/537.36"
2.26.252.212 - - [01/May/2026:20:47:31 +0300] "HEAD /test HTTP/1.1" 404 - "-" "Mozilla/5.0 (Windows NT 10.0; Win64; x64) AppleWebKit/537.36 (KHTML, like Gecko) Chrome/74.0.3729.169 Safari/537.36"
2.26.252.212 - - [01/May/2026:20:47:31 +0300] "HEAD /Test HTTP/1.1" 404 - "-" "Mozilla/5.0 (Windows NT 10.0; Win64; x64) AppleWebKit/537.36 (KHTML, like Gecko) Chrome/74.0.3729.169 Safari/537.36"
2.26.252.212 - - [01/May/2026:20:47:31 +0300] "HEAD /TEST HTTP/1.1" 404 - "-" "Mozilla/5.0 (Windows NT 10.0; Win64; x64) AppleWebKit/537.36 (KHTML, like Gecko) Chrome/74.0.3729.169 Safari/537.36"
2.26.252.212 - - [01/May/2026:20:47:31 +0300] "HEAD /demo HTTP/1.1" 404 - "-" "Mozilla/5.0 (Windows NT 10.0; Win64; x64) AppleWebKit/537.36 (KHTML, like Gecko) Chrome/74.0.3729.169 Safari/537.36"
2.26.252.212 - - [01/May/2026:20:47:31 +0300] "HEAD /bc HTTP/1.1" 404 - "-" "Mozilla/5.0 (Windows NT 10.0; Win64; x64) AppleWebKit/537.36 (KHTML, like Gecko) Chrome/74.0.3729.169 Safari/537.36"
2.26.252.212 - - [01/May/2026:20:47:31 +0300] "HEAD /www HTTP/1.1" 404 - "-" "Mozilla/5.0 (Windows NT 10.0; Win64; x64) AppleWebKit/537.36 (KHTML, like Gecko) Chrome/74.0.3729.169 Safari/537.36"
2.26.252.212 - - [01/May/2026:20:47:31 +0300] "HEAD /WWW HTTP/1.1" 404 - "-" "Mozilla/5.0 (Windows NT 10.0; Win64; x64) AppleWebKit/537.36 (KHTML, like Gecko) Chrome/74.0.3729.169 Safari/537.36"
2.26.252.212 - - [01/May/2026:20:47:31 +0300] "HEAD /Www HTTP/1.1" 404 - "-" "Mozilla/5.0 (Windows NT 10.0; Win64; x64) AppleWebKit/537.36 (KHTML, like Gecko) Chrome/74.0.3729.169 Safari/537.36"
2.26.252.212 - - [01/May/2026:20:47:31 +0300] "HEAD /2021 HTTP/1.1" 404 - "-" "Mozilla/5.0 (Windows NT 10.0; Win64; x64) AppleWebKit/537.36 (KHTML, like Gecko) Chrome/74.0.3729.169 Safari/537.36"
2.26.252.212 - - [01/May/2026:20:47:31 +0300] "HEAD /main HTTP/1.1" 404 - "-" "Mozilla/5.0 (Windows NT 10.0; Win64; x64) AppleWebKit/537.36 (KHTML, like Gecko) Chrome/74.0.3729.169 Safari/537.36"
2.26.252.212 - - [01/May/2026:20:47:31 +0300] "HEAD /old-site HTTP/1.1" 404 - "-" "Mozilla/5.0 (Windows NT 10.0; Win64; x64) AppleWebKit/537.36 (KHTML, like Gecko) Chrome/74.0.3729.169 Safari/537.36"
2.26.252.212 - - [01/May/2026:20:47:31 +0300] "HEAD /bk HTTP/1.1" 404 - "-" "Mozilla/5.0 (Windows NT 10.0; Win64; x64) AppleWebKit/537.36 (KHTML, like Gecko) Chrome/74.0.3729.169 Safari/537.36"
2.26.252.212 - - [01/May/2026:20:47:31 +0300] "HEAD /Backup HTTP/1.1" 404 - "-" "Mozilla/5.0 (Windows NT 10.0; Win64; x64) AppleWebKit/537.36 (KHTML, like Gecko) Chrome/74.0.3729.169 Safari/537.36"
74.7.241.37 - - [01/May/2026:20:47:30 +0300] "GET /storage2/vuprosite-promo-genka-shikerova-11.11.2022.mp4.sorry HTTP/1.1" 200 15286841 "http://tv1channel.org/storage2/" "Mozilla/5.0 AppleWebKit/537.36 (KHTML, like Gecko; compatible; GPTBot/1.3; +https://openai.com/gptbot)"
2.26.252.212 - - [01/May/2026:20:47:31 +0300] "HEAD /BACKUP HTTP/1.1" 404 - "-" "Mozilla/5.0 (Windows NT 10.0; Win64; x64) AppleWebKit/537.36 (KHTML, like Gecko) Chrome/74.0.3729.169 Safari/537.36"
2.26.252.212 - - [01/May/2026:20:47:31 +0300] "HEAD /SHOP HTTP/1.1" 404 - "-" "Mozilla/5.0 (Windows NT 10.0; Win64; x64) AppleWebKit/537.36 (KHTML, like Gecko) Chrome/74.0.3729.169 Safari/537.36"
2.26.252.212 - - [01/May/2026:20:47:31 +0300] "HEAD /Shop HTTP/1.1" 404 - "-" "Mozilla/5.0 (Windows NT 10.0; Win64; x64) AppleWebKit/537.36 (KHTML, like Gecko) Chrome/74.0.3729.169 Safari/537.36"
2.26.252.212 - - [01/May/2026:20:47:31 +0300] "HEAD /shop HTTP/1.1" 404 - "-" "Mozilla/5.0 (Windows NT 10.0; Win64; x64) AppleWebKit/537.36 (KHTML, like Gecko) Chrome/74.0.3729.169 Safari/537.36"
2.26.252.212 - - [01/May/2026:20:47:31 +0300] "HEAD /bak HTTP/1.1" 404 - "-" "Mozilla/5.0 (Windows NT 10.0; Win64; x64) AppleWebKit/537.36 (KHTML, like Gecko) Chrome/74.0.3729.169 Safari/537.36"
2.26.252.212 - - [01/May/2026:20:47:31 +0300] "HEAD /sitio HTTP/1.1" 404 - "-" "Mozilla/5.0 (Windows NT 10.0; Win64; x64) AppleWebKit/537.36 (KHTML, like Gecko) Chrome/74.0.3729.169 Safari/537.36"
2.26.252.212 - - [01/May/2026:20:47:32 +0300] "HEAD /bac HTTP/1.1" 404 - "-" "Mozilla/5.0 (Windows NT 10.0; Win64; x64) AppleWebKit/537.36 (KHTML, like Gecko) Chrome/74.0.3729.169 Safari/537.36"
2.26.252.212 - - [01/May/2026:20:47:32 +0300] "HEAD /sito HTTP/1.1" 404 - "-" "Mozilla/5.0 (Windows NT 10.0; Win64; x64) AppleWebKit/537.36 (KHTML, like Gecko) Chrome/74.0.3729.169 Safari/537.36"
2.26.252.212 - - [01/May/2026:20:47:32 +0300] "HEAD /site HTTP/1.1" 404 - "-" "Mozilla/5.0 (Windows NT 10.0; Win64; x64) AppleWebKit/537.36 (KHTML, like Gecko) Chrome/74.0.3729.169 Safari/537.36"
2.26.252.212 - - [01/May/2026:20:47:32 +0300] "HEAD /Site HTTP/1.1" 404 - "-" "Mozilla/5.0 (Windows NT 10.0; Win64; x64) AppleWebKit/537.36 (KHTML, like Gecko) Chrome/74.0.3729.169 Safari/537.36"
2.26.252.212 - - [01/May/2026:20:47:32 +0300] "HEAD /SITE HTTP/1.1" 404 - "-" "Mozilla/5.0 (Windows NT 10.0; Win64; x64) AppleWebKit/537.36 (KHTML, like Gecko) Chrome/74.0.3729.169 Safari/537.36"
74.7.241.37 - - [01/May/2026:20:47:32 +0300] "GET /storage2/denqt-episode-veselin-dremdjiev-22.03.2022.mp4.sorry HTTP/1.1" 200 1105796253 "http://tv1channel.org/storage2/" "Mozilla/5.0 AppleWebKit/537.36 (KHTML, like Gecko; compatible; GPTBot/1.3; +https://openai.com/gptbot)"
2.26.252.212 - - [01/May/2026:20:47:32 +0300] "HEAD /blog HTTP/1.1" 404 - "-" "Mozilla/5.0 (Windows NT 10.0; Win64; x64) AppleWebKit/537.36 (KHTML, like Gecko) Chrome/74.0.3729.169 Safari/537.36"
2.26.252.212 - - [01/May/2026:20:47:32 +0300] "HEAD /BLOG HTTP/1.1" 404 - "-" "Mozilla/5.0 (Windows NT 10.0; Win64; x64) AppleWebKit/537.36 (KHTML, like Gecko) Chrome/74.0.3729.169 Safari/537.36"
2.26.252.212 - - [01/May/2026:20:47:32 +0300] "HEAD /Blog HTTP/1.1" 404 - "-" "Mozilla/5.0 (Windows NT 10.0; Win64; x64) AppleWebKit/537.36 (KHTML, like Gecko) Chrome/74.0.3729.169 Safari/537.36"
74.7.241.37 - - [01/May/2026:20:47:32 +0300] "GET /storage2/vuprosite-promo-genka-shikerova-12.11.2022.mp4.sorry HTTP/1.1" 200 16576155 "http://tv1channel.org/storage2/" "Mozilla/5.0 AppleWebKit/537.36 (KHTML, like Gecko; compatible; GPTBot/1.3; +https://openai.com/gptbot)"
74.7.241.37 - - [01/May/2026:20:47:34 +0300] "GET /storage2/denqt-episode-veselin-dremdjiev-22.06.2022.mp4.sorry HTTP/1.1" 200 1784523024 "http://tv1channel.org/storage2/" "Mozilla/5.0 AppleWebKit/537.36 (KHTML, like Gecko; compatible; GPTBot/1.3; +https://openai.com/gptbot)"
74.7.241.37 - - [01/May/2026:20:47:35 +0300] "GET /storage2/vuprosite-promo-genka-shikerova-20.08.2022.mp4.sorry HTTP/1.1" 200 17919520 "http://tv1channel.org/storage2/" "Mozilla/5.0 AppleWebKit/537.36 (KHTML, like Gecko; compatible; GPTBot/1.3; +https://openai.com/gptbot)"
74.7.241.37 - - [01/May/2026:20:47:36 +0300] "GET /storage2/vuprosite-promo-genka-shikerova-23.02.2023.mp4.sorry HTTP/1.1" 200 23531747 "http://tv1channel.org/storage2/" "Mozilla/5.0 AppleWebKit/537.36 (KHTML, like Gecko; compatible; GPTBot/1.3; +https://openai.com/gptbot)"
74.7.241.37 - - [01/May/2026:20:47:38 +0300] "GET /storage2/denqt-episode-veselin-dremdjiev-22.09.2022.mp4.sorry HTTP/1.1" 200 1765118610 "http://tv1channel.org/storage2/" "Mozilla/5.0 AppleWebKit/537.36 (KHTML, like Gecko; compatible; GPTBot/1.3; +https://openai.com/gptbot)"
74.7.241.37 - - [01/May/2026:20:47:38 +0300] "GET /storage2/denqt-episode-veselin-dremdjiev-04.04.2022.mp4.sorry HTTP/1.1" 200 1116205349 "http://tv1channel.org/storage2/" "Mozilla/5.0 AppleWebKit/537.36 (KHTML, like Gecko; compatible; GPTBot/1.3; +https://openai.com/gptbot)"
74.7.241.37 - - [01/May/2026:20:47:39 +0300] "GET /storage2/vuprosite-promo-genka-shikerova-02.03.2022.mp4.sorry HTTP/1.1" 200 14715976 "http://tv1channel.org/storage2/" "Mozilla/5.0 AppleWebKit/537.36 (KHTML, like Gecko; compatible; GPTBot/1.3; +https://openai.com/gptbot)"
74.7.241.37 - - [01/May/2026:20:47:41 +0300] "GET /storage2/vizita-episode-vladimir-mihailov-22.05.2022.mp4.sorry HTTP/1.1" 200 1637821900 "http://tv1channel.org/storage2/" "Mozilla/5.0 AppleWebKit/537.36 (KHTML, like Gecko; compatible; GPTBot/1.3; +https://openai.com/gptbot)"
74.7.241.37 - - [01/May/2026:20:47:41 +0300] "GET /storage2/vuprosite-promo-genka-shikerova-29.09.2022.mp4.sorry HTTP/1.1" 200 18210310 "http://tv1channel.org/storage2/" "Mozilla/5.0 AppleWebKit/537.36 (KHTML, like Gecko; compatible; GPTBot/1.3; +https://openai.com/gptbot)"
74.7.241.37 - - [01/May/2026:20:47:43 +0300] "GET /storage2/denqt-episode-veselin-dremdjiev-11.11.2022.mp4.sorry HTTP/1.1" 200 1040809303 "http://tv1channel.org/storage2/" "Mozilla/5.0 AppleWebKit/537.36 (KHTML, like Gecko; compatible; GPTBot/1.3; +https://openai.com/gptbot)"
74.7.241.37 - - [01/May/2026:20:47:44 +0300] "GET /storage2/vuprosite-promo-genka-shikerova-23.03.2023.mp4.sorry HTTP/1.1" 200 13146313 "http://tv1channel.org/storage2/" "Mozilla/5.0 AppleWebKit/537.36 (KHTML, like Gecko; compatible; GPTBot/1.3; +https://openai.com/gptbot)"
74.7.241.37 - - [01/May/2026:20:47:46 +0300] "GET /storage2/maladite-episode-elizabet-gekova-04.04.2022.mp4.sorry HTTP/1.1" 200 533140310 "http://tv1channel.org/storage2/" "Mozilla/5.0 AppleWebKit/537.36 (KHTML, like Gecko; compatible; GPTBot/1.3; +https://openai.com/gptbot)"
74.7.241.37 - - [01/May/2026:20:47:46 +0300] "GET /storage2/anfas-promo-teo-tonika-sv-14.01.2023.mp4.sorry HTTP/1.1" 200 22082153 "http://tv1channel.org/storage2/" "Mozilla/5.0 AppleWebKit/537.36 (KHTML, like Gecko; compatible; GPTBot/1.3; +https://openai.com/gptbot)"
74.7.241.37 - - [01/May/2026:20:47:48 +0300] "GET /storage/patiat-promo-filipov-03.12.2021.mp4.sorry HTTP/1.1" 200 14544216 "http://tv1channel.org/storage/" "Mozilla/5.0 AppleWebKit/537.36 (KHTML, like Gecko; compatible; GPTBot/1.3; +https://openai.com/gptbot)"
74.7.241.37 - - [01/May/2026:20:47:49 +0300] "GET /storage/putqt-promo-pantonima-17.01.2022.mp4.sorry HTTP/1.1" 200 15275716 "http://tv1channel.org/storage/" "Mozilla/5.0 AppleWebKit/537.36 (KHTML, like Gecko; compatible; GPTBot/1.3; +https://openai.com/gptbot)"
74.7.241.37 - - [01/May/2026:20:47:50 +0300] "GET /storage/vuprosite-episode-lili-marinkova-11.11.2021.mp4.sorry HTTP/1.1" 200 1771795382 "http://tv1channel.org/storage/" "Mozilla/5.0 AppleWebKit/537.36 (KHTML, like Gecko; compatible; GPTBot/1.3; +https://openai.com/gptbot)"
117.62.237.45 - - [01/May/2026:20:47:52 +0300] "GET /wp-login.php HTTP/1.1" 404 - "-" "Apache-HttpClient/4.5.2 (Java/1.8.0_161)"
74.7.241.37 - - [01/May/2026:20:47:51 +0300] "GET /storage/vuprosite-promo-miroluba-benatova-26.11.2021.mp4.sorry HTTP/1.1" 200 22620449 "http://tv1channel.org/storage/" "Mozilla/5.0 AppleWebKit/537.36 (KHTML, like Gecko; compatible; GPTBot/1.3; +https://openai.com/gptbot)"
74.7.241.37 - - [01/May/2026:20:47:53 +0300] "GET /storage/vuprosite-promo-miroluba-benatova-23.12.2021.mp4.sorry HTTP/1.1" 200 19354791 "http://tv1channel.org/storage/" "Mozilla/5.0 AppleWebKit/537.36 (KHTML, like Gecko; compatible; GPTBot/1.3; +https://openai.com/gptbot)"
74.7.241.37 - - [01/May/2026:20:47:54 +0300] "GET /storage/vuprosite-promo-miroluba-benatova-18.11.2021.mp4.sorry HTTP/1.1" 200 16917505 "http://tv1channel.org/storage/" "Mozilla/5.0 AppleWebKit/537.36 (KHTML, like Gecko; compatible; GPTBot/1.3; +https://openai.com/gptbot)"
74.7.241.37 - - [01/May/2026:20:47:55 +0300] "GET /storage/vuprosite-promo-miroluba-benatova-08.01.2022.mp4.sorry HTTP/1.1" 200 24331586 "http://tv1channel.org/storage/" "Mozilla/5.0 AppleWebKit/537.36 (KHTML, like Gecko; compatible; GPTBot/1.3; +https://openai.com/gptbot)"
74.7.241.37 - - [01/May/2026:20:47:56 +0300] "GET /storage/vuprosite-episode-lili-marinkova-11.11.2021.mp3.sorry HTTP/1.1" 200 52867377 "http://tv1channel.org/storage/" "Mozilla/5.0 AppleWebKit/537.36 (KHTML, like Gecko; compatible; GPTBot/1.3; +https://openai.com/gptbot)"
74.7.241.37 - - [01/May/2026:20:47:59 +0300] "GET /storage2/putqt-promo-prikazki-na-lunata-10.02.2023.mp4.sorry HTTP/1.1" 200 14016099 "http://tv1channel.org/storage2/" "Mozilla/5.0 AppleWebKit/537.36 (KHTML, like Gecko; compatible; GPTBot/1.3; +https://openai.com/gptbot)"
74.7.241.37 - - [01/May/2026:20:47:59 +0300] "GET /storage2/shouto-na-bobi-vaklinov-promo-03.03.2023.mp4.sorry HTTP/1.1" 200 15722022 "http://tv1channel.org/storage2/" "Mozilla/5.0 AppleWebKit/537.36 (KHTML, like Gecko; compatible; GPTBot/1.3; +https://openai.com/gptbot)"
74.7.241.37 - - [01/May/2026:20:48:00 +0300] "GET /storage2/shouto-na-bobi-vaklinov-promo-11.11.2022.mp4.sorry HTTP/1.1" 200 18629377 "http://tv1channel.org/storage2/" "Mozilla/5.0 AppleWebKit/537.36 (KHTML, like Gecko; compatible; GPTBot/1.3; +https://openai.com/gptbot)"
74.7.241.37 - - [01/May/2026:20:48:01 +0300] "GET /storage/alternativata-epizode-lili-marinkova-21.06.2021.mp3.sorry HTTP/1.1" 200 54290551 "http://tv1channel.org/storage/" "Mozilla/5.0 AppleWebKit/537.36 (KHTML, like Gecko; compatible; GPTBot/1.3; +https://openai.com/gptbot)"
74.7.241.37 - - [01/May/2026:20:48:04 +0300] "GET /storage/alternativata-epizode-lili-marinkova-21.06.2021.mp4.sorry HTTP/1.1" 200 1748425708 "http://tv1channel.org/storage/" "Mozilla/5.0 AppleWebKit/537.36 (KHTML, like Gecko; compatible; GPTBot/1.3; +https://openai.com/gptbot)"
74.7.241.37 - - [01/May/2026:20:48:04 +0300] "GET /storage/alternativata-episod-miroluba-benatova-31.05.2021.mp3.sorry HTTP/1.1" 200 56419439 "http://tv1channel.org/storage/" "Mozilla/5.0 AppleWebKit/537.36 (KHTML, like Gecko; compatible; GPTBot/1.3; +https://openai.com/gptbot)"
74.7.241.37 - - [01/May/2026:20:48:08 +0300] "GET /storage/promo-deniat-za-01-10-inet-1601551530.mp4.sorry HTTP/1.1" 200 47926366 "http://tv1channel.org/storage/" "Mozilla/5.0 AppleWebKit/537.36 (KHTML, like Gecko; compatible; GPTBot/1.3; +https://openai.com/gptbot)"
74.7.241.37 - - [01/May/2026:20:48:10 +0300] "GET /storage/anfas-s-gost-zefira-vlova-br-156-1603977915.mp4.sorry HTTP/1.1" 200 578637150 "http://tv1channel.org/storage/" "Mozilla/5.0 AppleWebKit/537.36 (KHTML, like Gecko; compatible; GPTBot/1.3; +https://openai.com/gptbot)"
74.7.241.37 - - [01/May/2026:20:48:11 +0300] "GET /storage/vuprosite-promo-miroluba-benatova-07.12.2021.mp4.sorry HTTP/1.1" 200 17748406 "http://tv1channel.org/storage/" "Mozilla/5.0 AppleWebKit/537.36 (KHTML, like Gecko; compatible; GPTBot/1.3; +https://openai.com/gptbot)"
74.7.241.37 - - [01/May/2026:20:48:13 +0300] "GET /storage/vuprosite-promo-miroluba-benatova-13.01.2021.mp4.sorry HTTP/1.1" 200 19746386 "http://tv1channel.org/storage/" "Mozilla/5.0 AppleWebKit/537.36 (KHTML, like Gecko; compatible; GPTBot/1.3; +https://openai.com/gptbot)"
74.7.241.37 - - [01/May/2026:20:48:15 +0300] "GET /storage/vuprosite-episode-emiliq-milcheva-22.01.2022.mp4.sorry HTTP/1.1" 200 1843249025 "http://tv1channel.org/storage/" "Mozilla/5.0 AppleWebKit/537.36 (KHTML, like Gecko; compatible; GPTBot/1.3; +https://openai.com/gptbot)"
74.7.241.37 - - [01/May/2026:20:48:15 +0300] "GET /storage/vuprosite-episode-genka-shikerova-21.10.2021.mp4.sorry HTTP/1.1" 200 1099694845 "http://tv1channel.org/storage/" "Mozilla/5.0 AppleWebKit/537.36 (KHTML, like Gecko; compatible; GPTBot/1.3; +https://openai.com/gptbot)"
74.7.241.37 - - [01/May/2026:20:48:16 +0300] "GET /storage/vaprosite-episode-emilia-milcheva-09.10.2021.mp4.sorry HTTP/1.1" 200 1863153131 "http://tv1channel.org/storage/" "Mozilla/5.0 AppleWebKit/537.36 (KHTML, like Gecko; compatible; GPTBot/1.3; +https://openai.com/gptbot)"
74.7.241.37 - - [01/May/2026:20:48:16 +0300] "GET /storage/vuprosite-promo-miroluba-benatova-30.10.2021.mp4.sorry HTTP/1.1" 200 19927756 "http://tv1channel.org/storage/" "Mozilla/5.0 AppleWebKit/537.36 (KHTML, like Gecko; compatible; GPTBot/1.3; +https://openai.com/gptbot)"
74.7.241.37 - - [01/May/2026:20:48:18 +0300] "GET /storage/vaprosite-episode-emilia-milcheva-09.10.2021.mp3.sorry HTTP/1.1" 200 55473317 "http://tv1channel.org/storage/" "Mozilla/5.0 AppleWebKit/537.36 (KHTML, like Gecko; compatible; GPTBot/1.3; +https://openai.com/gptbot)"
74.7.241.37 - - [01/May/2026:20:48:21 +0300] "GET /storage/vuprosite-promo-miroluba-benatova-26.01.2021.mp4.sorry HTTP/1.1" 200 23941483 "http://tv1channel.org/storage/" "Mozilla/5.0 AppleWebKit/537.36 (KHTML, like Gecko; compatible; GPTBot/1.3; +https://openai.com/gptbot)"
74.7.241.37 - - [01/May/2026:20:48:22 +0300] "GET /storage/vuprosite-episode-emiliq-milcheva-21.12.2021.mp4.sorry HTTP/1.1" 200 1142265611 "http://tv1channel.org/storage/" "Mozilla/5.0 AppleWebKit/537.36 (KHTML, like Gecko; compatible; GPTBot/1.3; +https://openai.com/gptbot)"
74.7.241.37 - - [01/May/2026:20:48:23 +0300] "GET /storage/vuprosite-episode-genka-shikerova-21.10.2021.mp3.sorry HTTP/1.1" 200 52891619 "http://tv1channel.org/storage/" "Mozilla/5.0 AppleWebKit/537.36 (KHTML, like Gecko; compatible; GPTBot/1.3; +https://openai.com/gptbot)"
74.7.241.37 - - [01/May/2026:20:48:26 +0300] "GET /storage/vuprosite-promo-miroluba-benatova-19.01.2022.mp4.sorry HTTP/1.1" 200 20130881 "http://tv1channel.org/storage/" "Mozilla/5.0 AppleWebKit/537.36 (KHTML, like Gecko; compatible; GPTBot/1.3; +https://openai.com/gptbot)"
74.7.241.37 - - [01/May/2026:20:48:27 +0300] "GET /storage/vuprosite-promo-miroluba-benatova-06.10.2021.mp4.sorry HTTP/1.1" 200 21183838 "http://tv1channel.org/storage/" "Mozilla/5.0 AppleWebKit/537.36 (KHTML, like Gecko; compatible; GPTBot/1.3; +https://openai.com/gptbot)"
74.7.241.37 - - [01/May/2026:20:48:28 +0300] "GET /storage/vuprosite-episode-emiliq-milcheva-21.12.2021.mp3.sorry HTTP/1.1" 200 54834892 "http://tv1channel.org/storage/" "Mozilla/5.0 AppleWebKit/537.36 (KHTML, like Gecko; compatible; GPTBot/1.3; +https://openai.com/gptbot)"
74.7.241.37 - - [01/May/2026:20:48:31 +0300] "GET /storage2/galeria-episode-bruto-neto-11.02.2023.mp4.sorry HTTP/1.1" 200 733066216 "http://tv1channel.org/storage2/" "Mozilla/5.0 AppleWebKit/537.36 (KHTML, like Gecko; compatible; GPTBot/1.3; +https://openai.com/gptbot)"
74.7.241.37 - - [01/May/2026:20:48:32 +0300] "GET /storage2/maladite-promo-filip-iliev-11.04.2022.mp4.sorry HTTP/1.1" 200 17916568 "http://tv1channel.org/storage2/" "Mozilla/5.0 AppleWebKit/537.36 (KHTML, like Gecko; compatible; GPTBot/1.3; +https://openai.com/gptbot)"
74.7.241.37 - - [01/May/2026:20:48:34 +0300] "GET /storage2/anfas-episode-boryana-lambreva-04.02.2023.mp4.sorry HTTP/1.1" 200 1850428112 "http://tv1channel.org/storage2/" "Mozilla/5.0 AppleWebKit/537.36 (KHTML, like Gecko; compatible; GPTBot/1.3; +https://openai.com/gptbot)"
74.7.241.37 - - [01/May/2026:20:48:34 +0300] "GET /storage/promo-mario-g-za-15-10-inet-1602753379.mp4.sorry HTTP/1.1" 200 19975891 "http://tv1channel.org/storage/" "Mozilla/5.0 AppleWebKit/537.36 (KHTML, like Gecko; compatible; GPTBot/1.3; +https://openai.com/gptbot)"
74.7.241.37 - - [01/May/2026:20:48:36 +0300] "GET /storage/248-anfas-s-gost-neva-krsteva-br-248-360p-1604724676.mp4.sorry HTTP/1.1" 200 169361723 "http://tv1channel.org/storage/" "Mozilla/5.0 AppleWebKit/537.36 (KHTML, like Gecko; compatible; GPTBot/1.3; +https://openai.com/gptbot)"
74.7.241.37 - - [01/May/2026:20:48:43 +0300] "GET /storage/246-anfas-s-gost-mark-kadin-br-246-360p-1604724824.mp4.sorry HTTP/1.1" 200 185006784 "http://tv1channel.org/storage/" "Mozilla/5.0 AppleWebKit/537.36 (KHTML, like Gecko; compatible; GPTBot/1.3; +https://openai.com/gptbot)"
74.7.241.37 - - [01/May/2026:20:48:51 +0300] "GET /storage2/vizita-promo-terpentina-10.07.2022.mp4.sorry HTTP/1.1" 200 23160410 "http://tv1channel.org/storage2/" "Mozilla/5.0 AppleWebKit/537.36 (KHTML, like Gecko; compatible; GPTBot/1.3; +https://openai.com/gptbot)"
74.7.241.37 - - [01/May/2026:20:48:52 +0300] "GET /storage2/putqt-promo-dobrinite-23.12.2022.mp4.sorry HTTP/1.1" 200 14139577 "http://tv1channel.org/storage2/" "Mozilla/5.0 AppleWebKit/537.36 (KHTML, like Gecko; compatible; GPTBot/1.3; +https://openai.com/gptbot)"
74.7.241.37 - - [01/May/2026:20:48:53 +0300] "GET /storage2/novina-razvitie-episode-27.04.2022.mp4.sorry HTTP/1.1" 200 964623227 "http://tv1channel.org/storage2/" "Mozilla/5.0 AppleWebKit/537.36 (KHTML, like Gecko; compatible; GPTBot/1.3; +https://openai.com/gptbot)"
74.7.241.37 - - [01/May/2026:20:48:53 +0300] "GET /storage2/bez-sertifikat-episode-20.05.2022.mp4.sorry HTTP/1.1" 200 1925449788 "http://tv1channel.org/storage2/" "Mozilla/5.0 AppleWebKit/537.36 (KHTML, like Gecko; compatible; GPTBot/1.3; +https://openai.com/gptbot)"
74.7.241.37 - - [01/May/2026:20:48:54 +0300] "GET /storage2/bez-sertifikat-episode-02.06.2022.mp4.sorry HTTP/1.1" 200 445907503 "http://tv1channel.org/storage2/" "Mozilla/5.0 AppleWebKit/537.36 (KHTML, like Gecko; compatible; GPTBot/1.3; +https://openai.com/gptbot)"
74.7.241.37 - - [01/May/2026:20:49:12 +0300] "GET /storage/denqt-episode-veselin-dremdjiev-10.01.2022.mp4.sorry HTTP/1.1" 200 1745681611 "http://tv1channel.org/storage/" "Mozilla/5.0 AppleWebKit/537.36 (KHTML, like Gecko; compatible; GPTBot/1.3; +https://openai.com/gptbot)"
74.7.241.37 - - [01/May/2026:20:49:12 +0300] "GET /storage/denqt-episode-veselin-dremdjiev-04.01.2022.mp4.sorry HTTP/1.1" 200 1118972443 "http://tv1channel.org/storage/" "Mozilla/5.0 AppleWebKit/537.36 (KHTML, like Gecko; compatible; GPTBot/1.3; +https://openai.com/gptbot)"
74.7.241.37 - - [01/May/2026:20:49:13 +0300] "GET /storage/denqt-episode-veselin-dremdjiev-13.12.2021.mp3.sorry HTTP/1.1" 200 53002417 "http://tv1channel.org/storage/" "Mozilla/5.0 AppleWebKit/537.36 (KHTML, like Gecko; compatible; GPTBot/1.3; +https://openai.com/gptbot)"
74.7.241.37 - - [01/May/2026:20:49:16 +0300] "GET /storage/denqt-episode-veselin-dremdjiev-11.01.2022.mp4.sorry HTTP/1.1" 200 1726544422 "http://tv1channel.org/storage/" "Mozilla/5.0 AppleWebKit/537.36 (KHTML, like Gecko; compatible; GPTBot/1.3; +https://openai.com/gptbot)"
74.7.241.37 - - [01/May/2026:20:49:17 +0300] "GET /storage/denqt-episode-veselin-dremdjiev-12.10.2021.mp4.sorry HTTP/1.1" 200 1114241085 "http://tv1channel.org/storage/" "Mozilla/5.0 AppleWebKit/537.36 (KHTML, like Gecko; compatible; GPTBot/1.3; +https://openai.com/gptbot)"
74.7.241.37 - - [01/May/2026:20:49:17 +0300] "GET /storage/denqt-episode-veselin-dremdjiev-14.12.2021.mp4.sorry HTTP/1.1" 200 1757023943 "http://tv1channel.org/storage/" "Mozilla/5.0 AppleWebKit/537.36 (KHTML, like Gecko; compatible; GPTBot/1.3; +https://openai.com/gptbot)"
74.7.241.37 - - [01/May/2026:20:49:18 +0300] "GET /storage/denqt-episode-veselin-dremdjiev-01.10.2021.mp3.sorry HTTP/1.1" 200 54075918 "http://tv1channel.org/storage/" "Mozilla/5.0 AppleWebKit/537.36 (KHTML, like Gecko; compatible; GPTBot/1.3; +https://openai.com/gptbot)"
74.7.241.37 - - [01/May/2026:20:49:21 +0300] "GET /storage/denqt-episode-veselin-dremdjiev-12.10.2021.mp3.sorry HTTP/1.1" 200 53369506 "http://tv1channel.org/storage/" "Mozilla/5.0 AppleWebKit/537.36 (KHTML, like Gecko; compatible; GPTBot/1.3; +https://openai.com/gptbot)"
74.7.241.37 - - [01/May/2026:20:49:23 +0300] "GET /storage/denqt-episode-veselin-dremdjiev-01.10.2021.mp4.sorry HTTP/1.1" 200 1123245966 "http://tv1channel.org/storage/" "Mozilla/5.0 AppleWebKit/537.36 (KHTML, like Gecko; compatible; GPTBot/1.3; +https://openai.com/gptbot)"
74.7.241.37 - - [01/May/2026:20:49:24 +0300] "GET /storage/denqt-episode-veselin-dremdjiev-06.07.2021.mp3.sorry HTTP/1.1" 200 52615686 "http://tv1channel.org/storage/" "Mozilla/5.0 AppleWebKit/537.36 (KHTML, like Gecko; compatible; GPTBot/1.3; +https://openai.com/gptbot)"
74.7.241.37 - - [01/May/2026:20:49:27 +0300] "GET /storage/denqt-episode-veselin-dremdjiev-24.09.2021.mp3.sorry HTTP/1.1" 200 50385596 "http://tv1channel.org/storage/" "Mozilla/5.0 AppleWebKit/537.36 (KHTML, like Gecko; compatible; GPTBot/1.3; +https://openai.com/gptbot)"
74.7.241.37 - - [01/May/2026:20:49:29 +0300] "GET /storage/denqt-episode-veselin-dremdjiev-23.06.2021.mp4.sorry HTTP/1.1" 200 1636739390 "http://tv1channel.org/storage/" "Mozilla/5.0 AppleWebKit/537.36 (KHTML, like Gecko; compatible; GPTBot/1.3; +https://openai.com/gptbot)"
74.7.241.37 - - [01/May/2026:20:49:30 +0300] "GET /storage/denqt-episode-veselin-dremdjiev-09.07.2021.mp3.sorry HTTP/1.1" 200 53451446 "http://tv1channel.org/storage/" "Mozilla/5.0 AppleWebKit/537.36 (KHTML, like Gecko; compatible; GPTBot/1.3; +https://openai.com/gptbot)"
74.7.241.37 - - [01/May/2026:20:49:33 +0300] "GET /storage/denqt-episode-veselin-dremdjiev-29.06.2021.mp4.sorry HTTP/1.1" 200 1721078886 "http://tv1channel.org/storage/" "Mozilla/5.0 AppleWebKit/537.36 (KHTML, like Gecko; compatible; GPTBot/1.3; +https://openai.com/gptbot)"
74.7.241.37 - - [01/May/2026:20:49:33 +0300] "GET /storage/denqt-episode-veselin-dremdjiev-07.06.2021.mp3.sorry HTTP/1.1" 200 53906326 "http://tv1channel.org/storage/" "Mozilla/5.0 AppleWebKit/537.36 (KHTML, like Gecko; compatible; GPTBot/1.3; +https://openai.com/gptbot)"
74.7.241.37 - - [01/May/2026:20:49:37 +0300] "GET /storage/denqt-episode-veselin-dremdjiev-28.09.2021.mp3.sorry HTTP/1.1" 200 52970515 "http://tv1channel.org/storage/" "Mozilla/5.0 AppleWebKit/537.36 (KHTML, like Gecko; compatible; GPTBot/1.3; +https://openai.com/gptbot)"
74.7.241.37 - - [01/May/2026:20:49:39 +0300] "GET /storage/denqt-episode-veselin-dremdjiev-30.06.2021.mp4.sorry HTTP/1.1" 200 1694612480 "http://tv1channel.org/storage/" "Mozilla/5.0 AppleWebKit/537.36 (KHTML, like Gecko; compatible; GPTBot/1.3; +https://openai.com/gptbot)"
74.7.241.37 - - [01/May/2026:20:49:39 +0300] "GET /storage/denqt-episode-veselin-dremdjiev-09.07.2021.mp4.sorry HTTP/1.1" 200 1752387668 "http://tv1channel.org/storage/" "Mozilla/5.0 AppleWebKit/537.36 (KHTML, like Gecko; compatible; GPTBot/1.3; +https://openai.com/gptbot)"
74.7.241.37 - - [01/May/2026:20:49:40 +0300] "GET /storage/denqt-episode-veselin-dremdjiev-30.09.2021.mp4.sorry HTTP/1.1" 200 1293787099 "http://tv1channel.org/storage/" "Mozilla/5.0 AppleWebKit/537.36 (KHTML, like Gecko; compatible; GPTBot/1.3; +https://openai.com/gptbot)"
74.7.241.37 - - [01/May/2026:20:49:41 +0300] "GET /storage/denqt-episode-veselin-dremdjiev-27.09.2021.mp4.sorry HTTP/1.1" 200 1122305562 "http://tv1channel.org/storage/" "Mozilla/5.0 AppleWebKit/537.36 (KHTML, like Gecko; compatible; GPTBot/1.3; +https://openai.com/gptbot)"
74.7.241.37 - - [01/May/2026:20:49:41 +0300] "GET /storage/denqt-episode-veselin-dremdjiev-07.06.2021.mp4.sorry HTTP/1.1" 200 1762272488 "http://tv1channel.org/storage/" "Mozilla/5.0 AppleWebKit/537.36 (KHTML, like Gecko; compatible; GPTBot/1.3; +https://openai.com/gptbot)"
74.7.241.37 - - [01/May/2026:20:49:42 +0300] "GET /storage/denqt-episode-veselin-dremdjiev-25.06.2021.mp4.sorry HTTP/1.1" 200 1721262187 "http://tv1channel.org/storage/" "Mozilla/5.0 AppleWebKit/537.36 (KHTML, like Gecko; compatible; GPTBot/1.3; +https://openai.com/gptbot)"
74.7.241.37 - - [01/May/2026:20:49:42 +0300] "GET /storage/denjat-veselin-dremjiev-episode-18.06.2021.mp3.sorry HTTP/1.1" 200 53216473 "http://tv1channel.org/storage/" "Mozilla/5.0 AppleWebKit/537.36 (KHTML, like Gecko; compatible; GPTBot/1.3; +https://openai.com/gptbot)"
74.7.241.37 - - [01/May/2026:20:49:45 +0300] "GET /storage/denqt-episode-veselin-dremdjiev-06.07.2021.mp4.sorry HTTP/1.1" 200 1717651448 "http://tv1channel.org/storage/" "Mozilla/5.0 AppleWebKit/537.36 (KHTML, like Gecko; compatible; GPTBot/1.3; +https://openai.com/gptbot)"
74.7.241.37 - - [01/May/2026:20:49:46 +0300] "GET /storage/denqt-episode-veselin-dremdjiev-08.07.2021.mp3.sorry HTTP/1.1" 200 53146236 "http://tv1channel.org/storage/" "Mozilla/5.0 AppleWebKit/537.36 (KHTML, like Gecko; compatible; GPTBot/1.3; +https://openai.com/gptbot)"
74.7.241.37 - - [01/May/2026:20:49:49 +0300] "GET /storage/denqt-episode-veselin-dremdjiev-08.07.2021.mp4.sorry HTTP/1.1" 200 1738046788 "http://tv1channel.org/storage/" "Mozilla/5.0 AppleWebKit/537.36 (KHTML, like Gecko; compatible; GPTBot/1.3; +https://openai.com/gptbot)"
74.7.241.37 - - [01/May/2026:20:49:50 +0300] "GET /storage/denqt-episode-veselin-dremdjiev-29.06.2021.mp3.sorry HTTP/1.1" 200 52591444 "http://tv1channel.org/storage/" "Mozilla/5.0 AppleWebKit/537.36 (KHTML, like Gecko; compatible; GPTBot/1.3; +https://openai.com/gptbot)"
74.7.241.37 - - [01/May/2026:20:49:53 +0300] "GET /storage/denqt-episode-veselin-dremdjiev-28.09.2021.mp4.sorry HTTP/1.1" 200 1097850959 "http://tv1channel.org/storage/" "Mozilla/5.0 AppleWebKit/537.36 (KHTML, like Gecko; compatible; GPTBot/1.3; +https://openai.com/gptbot)"
74.7.241.37 - - [01/May/2026:20:49:54 +0300] "GET /storage/denqt-episode-veselin-dremdjiev-23.09.2021.mp4.sorry HTTP/1.1" 200 1124509338 "http://tv1channel.org/storage/" "Mozilla/5.0 AppleWebKit/537.36 (KHTML, like Gecko; compatible; GPTBot/1.3; +https://openai.com/gptbot)"
74.7.241.37 - - [01/May/2026:20:49:54 +0300] "GET /storage/denqt-episode-veselin-dremdjiev-25.06.2021.mp3.sorry HTTP/1.1" 200 52685923 "http://tv1channel.org/storage/" "Mozilla/5.0 AppleWebKit/537.36 (KHTML, like Gecko; compatible; GPTBot/1.3; +https://openai.com/gptbot)"
74.7.241.37 - - [01/May/2026:20:49:57 +0300] "GET /storage/denqt-episode-veselin-dremdjiev-27.09.2021.mp3.sorry HTTP/1.1" 200 53886877 "http://tv1channel.org/storage/" "Mozilla/5.0 AppleWebKit/537.36 (KHTML, like Gecko; compatible; GPTBot/1.3; +https://openai.com/gptbot)"
74.7.241.37 - - [01/May/2026:20:49:59 +0300] "GET /storage/promo-alt-za-1-10-inet-1601551670.mp4.sorry HTTP/1.1" 200 71325427 "http://tv1channel.org/storage/" "Mozilla/5.0 AppleWebKit/537.36 (KHTML, like Gecko; compatible; GPTBot/1.3; +https://openai.com/gptbot)"
74.7.241.37 - - [01/May/2026:20:50:02 +0300] "GET /storage2/patiat-promo-izkustvoto-da-jiveesh-04.03.2022.mp4.sorry HTTP/1.1" 200 13515767 "http://tv1channel.org/storage2/" "Mozilla/5.0 AppleWebKit/537.36 (KHTML, like Gecko; compatible; GPTBot/1.3; +https://openai.com/gptbot)"
74.7.241.37 - - [01/May/2026:20:50:03 +0300] "GET /storage/promo-alt-24-11-inet-1606208181.mp4.sorry HTTP/1.1" 200 23070072 "http://tv1channel.org/storage/" "Mozilla/5.0 AppleWebKit/537.36 (KHTML, like Gecko; compatible; GPTBot/1.3; +https://openai.com/gptbot)"
74.7.241.37 - - [01/May/2026:20:50:04 +0300] "GET /storage/promo-alt-20-10-inet-1603180134.mp4.sorry HTTP/1.1" 200 15157872 "http://tv1channel.org/storage/" "Mozilla/5.0 AppleWebKit/537.36 (KHTML, like Gecko; compatible; GPTBot/1.3; +https://openai.com/gptbot)"
117.62.237.45 - - [01/May/2026:20:50:22 +0300] "GET /?author=1 HTTP/1.1" 200 2791 "-" "Apache-HttpClient/4.5.2 (Java/1.8.0_161)"
74.7.241.37 - - [01/May/2026:20:50:05 +0300] "GET /storage2/galeria-episode-korabut-na-kaligula-10.12.2022.mp4.sorry HTTP/1.1" 200 490337406 "http://tv1channel.org/storage2/" "Mozilla/5.0 AppleWebKit/537.36 (KHTML, like Gecko; compatible; GPTBot/1.3; +https://openai.com/gptbot)"
117.62.237.45 - - [01/May/2026:20:50:24 +0300] "GET /?author=2 HTTP/1.1" 200 2791 "-" "Apache-HttpClient/4.5.2 (Java/1.8.0_161)"
74.7.241.37 - - [01/May/2026:20:50:24 +0300] "GET /storage2/vuprosite-promo-lili-marinkova-03.05.2022.mp4.sorry HTTP/1.1" 200 25615508 "http://tv1channel.org/storage2/" "Mozilla/5.0 AppleWebKit/537.36 (KHTML, like Gecko; compatible; GPTBot/1.3; +https://openai.com/gptbot)"
74.7.241.37 - - [01/May/2026:20:50:25 +0300] "GET /storage2/vuprosite-promo-lili-marinkova-03.08.2022.mp4.sorry HTTP/1.1" 200 24437474 "http://tv1channel.org/storage2/" "Mozilla/5.0 AppleWebKit/537.36 (KHTML, like Gecko; compatible; GPTBot/1.3; +https://openai.com/gptbot)"
117.62.237.45 - - [01/May/2026:20:50:27 +0300] "GET /?author=3 HTTP/1.1" 200 2791 "-" "Apache-HttpClient/4.5.2 (Java/1.8.0_161)"
74.7.241.37 - - [01/May/2026:20:50:26 +0300] "GET /storage2/vuprosite-promo-lili-marinkova-17.11.2022.mp4.sorry HTTP/1.1" 200 28447721 "http://tv1channel.org/storage2/" "Mozilla/5.0 AppleWebKit/537.36 (KHTML, like Gecko; compatible; GPTBot/1.3; +https://openai.com/gptbot)"
117.62.237.45 - - [01/May/2026:20:50:28 +0300] "GET /?author=4 HTTP/1.1" 200 2791 "-" "Apache-HttpClient/4.5.2 (Java/1.8.0_161)"
74.7.241.37 - - [01/May/2026:20:50:27 +0300] "GET /storage2/vuprosite-promo-lili-marinkova-08.06.2022.mp4.sorry HTTP/1.1" 200 25422086 "http://tv1channel.org/storage2/" "Mozilla/5.0 AppleWebKit/537.36 (KHTML, like Gecko; compatible; GPTBot/1.3; +https://openai.com/gptbot)"
117.62.237.45 - - [01/May/2026:20:50:29 +0300] "GET /?author=5 HTTP/1.1" 200 2791 "-" "Apache-HttpClient/4.5.2 (Java/1.8.0_161)"
117.62.237.45 - - [01/May/2026:20:50:29 +0300] "GET /?author=6 HTTP/1.1" 200 2791 "-" "Apache-HttpClient/4.5.2 (Java/1.8.0_161)"
74.7.241.37 - - [01/May/2026:20:50:29 +0300] "GET /storage2/vuprosite-promo-lili-marinkova-05.10.2022.mp4.sorry HTTP/1.1" 200 27648962 "http://tv1channel.org/storage2/" "Mozilla/5.0 AppleWebKit/537.36 (KHTML, like Gecko; compatible; GPTBot/1.3; +https://openai.com/gptbot)"
117.62.237.45 - - [01/May/2026:20:50:30 +0300] "GET /?author=7 HTTP/1.1" 200 2791 "-" "Apache-HttpClient/4.5.2 (Java/1.8.0_161)"
117.62.237.45 - - [01/May/2026:20:50:30 +0300] "GET /?author=8 HTTP/1.1" 200 2791 "-" "Apache-HttpClient/4.5.2 (Java/1.8.0_161)"
117.62.237.45 - - [01/May/2026:20:50:30 +0300] "GET /?author=9 HTTP/1.1" 200 2791 "-" "Apache-HttpClient/4.5.2 (Java/1.8.0_161)"
74.7.241.37 - - [01/May/2026:20:50:30 +0300] "GET /storage2/vuprosite-promo-lili-marinkova-30.07.2022.mp4.sorry HTTP/1.1" 200 18978883 "http://tv1channel.org/storage2/" "Mozilla/5.0 AppleWebKit/537.36 (KHTML, like Gecko; compatible; GPTBot/1.3; +https://openai.com/gptbot)"
117.62.237.45 - - [01/May/2026:20:50:31 +0300] "GET /?author=10 HTTP/1.1" 200 2791 "-" "Apache-HttpClient/4.5.2 (Java/1.8.0_161)"
74.7.241.37 - - [01/May/2026:20:50:31 +0300] "GET /storage2/vuprosite-promo-lili-marinkova-01.02.2023.mp4.sorry HTTP/1.1" 200 24361330 "http://tv1channel.org/storage2/" "Mozilla/5.0 AppleWebKit/537.36 (KHTML, like Gecko; compatible; GPTBot/1.3; +https://openai.com/gptbot)"
117.62.237.45 - - [01/May/2026:20:50:32 +0300] "GET /?author=11 HTTP/1.1" 200 2791 "-" "Apache-HttpClient/4.5.2 (Java/1.8.0_161)"
117.62.237.45 - - [01/May/2026:20:50:32 +0300] "GET /?author=12 HTTP/1.1" 200 2791 "-" "Apache-HttpClient/4.5.2 (Java/1.8.0_161)"
117.62.237.45 - - [01/May/2026:20:50:34 +0300] "GET /?author=13 HTTP/1.1" 200 2791 "-" "Apache-HttpClient/4.5.2 (Java/1.8.0_161)"
117.62.237.45 - - [01/May/2026:20:50:35 +0300] "GET /?author=14 HTTP/1.1" 200 2791 "-" "Apache-HttpClient/4.5.2 (Java/1.8.0_161)"
74.7.241.37 - - [01/May/2026:20:50:32 +0300] "GET /storage2/vuprosite-promo-lili-marinkova-09.02.2023.mp4.sorry HTTP/1.1" 200 133382944 "http://tv1channel.org/storage2/" "Mozilla/5.0 AppleWebKit/537.36 (KHTML, like Gecko; compatible; GPTBot/1.3; +https://openai.com/gptbot)"
74.7.241.37 - - [01/May/2026:20:50:37 +0300] "GET /storage2/vuprosite-promo-lili-marinkova-02.05.2023.mp4.sorry HTTP/1.1" 200 42271643 "http://tv1channel.org/storage2/" "Mozilla/5.0 AppleWebKit/537.36 (KHTML, like Gecko; compatible; GPTBot/1.3; +https://openai.com/gptbot)"
74.7.241.37 - - [01/May/2026:20:50:39 +0300] "GET /storage2/vuprosite-promo-lili-marinkova-01.09.2022.mp4.sorry HTTP/1.1" 200 22745279 "http://tv1channel.org/storage2/" "Mozilla/5.0 AppleWebKit/537.36 (KHTML, like Gecko; compatible; GPTBot/1.3; +https://openai.com/gptbot)"
74.7.241.37 - - [01/May/2026:20:50:40 +0300] "GET /storage2/zapazenata-marka-episode-mario-gavrilov-12.05.2022.mp4.sorry HTTP/1.1" 200 798002915 "http://tv1channel.org/storage2/" "Mozilla/5.0 AppleWebKit/537.36 (KHTML, like Gecko; compatible; GPTBot/1.3; +https://openai.com/gptbot)"
74.7.241.37 - - [01/May/2026:20:50:41 +0300] "GET /storage2/zapazenata-marka-episode-mario-gavrilov-23.06.2022.mp4.sorry HTTP/1.1" 200 799712868 "http://tv1channel.org/storage2/" "Mozilla/5.0 AppleWebKit/537.36 (KHTML, like Gecko; compatible; GPTBot/1.3; +https://openai.com/gptbot)"
74.7.241.37 - - [01/May/2026:20:50:41 +0300] "GET /storage2/zapazenata-marka-promo-mario-gavrilov-17.03.2022.mp4.sorry HTTP/1.1" 200 13231228 "http://tv1channel.org/storage2/" "Mozilla/5.0 AppleWebKit/537.36 (KHTML, like Gecko; compatible; GPTBot/1.3; +https://openai.com/gptbot)"
74.7.241.37 - - [01/May/2026:20:50:43 +0300] "GET /storage2/zapazenata-marka-episode-mario-gavrilov-14.04.2022.mp4.sorry HTTP/1.1" 200 513036652 "http://tv1channel.org/storage2/" "Mozilla/5.0 AppleWebKit/537.36 (KHTML, like Gecko; compatible; GPTBot/1.3; +https://openai.com/gptbot)"
74.7.241.37 - - [01/May/2026:20:50:43 +0300] "GET /storage2/zapazenata-marka-episode-mario-gavrilov-07.07.2022.mp4.sorry HTTP/1.1" 200 487433037 "http://tv1channel.org/storage2/" "Mozilla/5.0 AppleWebKit/537.36 (KHTML, like Gecko; compatible; GPTBot/1.3; +https://openai.com/gptbot)"
74.7.241.37 - - [01/May/2026:20:51:04 +0300] "GET /storage2/zapazenata-marka-episode-mario-gavrilov-07.04.2022.mp4.sorry HTTP/1.1" 200 800981141 "http://tv1channel.org/storage2/" "Mozilla/5.0 AppleWebKit/537.36 (KHTML, like Gecko; compatible; GPTBot/1.3; +https://openai.com/gptbot)"
74.7.241.37 - - [01/May/2026:20:51:04 +0300] "GET /storage2/zapazenata-marka-episode-mario-gavrilov-02.06.2022.mp4.sorry HTTP/1.1" 200 1150245004 "http://tv1channel.org/storage2/" "Mozilla/5.0 AppleWebKit/537.36 (KHTML, like Gecko; compatible; GPTBot/1.3; +https://openai.com/gptbot)"
74.7.241.37 - - [01/May/2026:20:51:05 +0300] "GET /storage2/zapazenata-marka-episode-mario-gavrilov-03.03.2022.mp4.sorry HTTP/1.1" 200 809191330 "http://tv1channel.org/storage2/" "Mozilla/5.0 AppleWebKit/537.36 (KHTML, like Gecko; compatible; GPTBot/1.3; +https://openai.com/gptbot)"
74.7.241.37 - - [01/May/2026:20:51:05 +0300] "GET /storage2/zapazenata-marka-promo-mario-gavrilov-19.05.2022.mp4.sorry HTTP/1.1" 200 12826001 "http://tv1channel.org/storage2/" "Mozilla/5.0 AppleWebKit/537.36 (KHTML, like Gecko; compatible; GPTBot/1.3; +https://openai.com/gptbot)"
74.7.241.37 - - [01/May/2026:20:51:07 +0300] "GET /storage2/zapazenata-marka-episode-mario-gavrilov-28.07.2022.mp4.sorry HTTP/1.1" 200 606480895 "http://tv1channel.org/storage2/" "Mozilla/5.0 AppleWebKit/537.36 (KHTML, like Gecko; compatible; GPTBot/1.3; +https://openai.com/gptbot)"
74.7.241.37 - - [01/May/2026:20:51:08 +0300] "GET /storage2/zapazenata-marka-episode-mario-gavrilov-24.03.2022.mp4.sorry HTTP/1.1" 200 517832746 "http://tv1channel.org/storage2/" "Mozilla/5.0 AppleWebKit/537.36 (KHTML, like Gecko; compatible; GPTBot/1.3; +https://openai.com/gptbot)"
74.7.241.37 - - [01/May/2026:20:51:08 +0300] "GET /storage2/zapazenata-marka-episode-mario-gavrilov-26.05.2022.mp4.sorry HTTP/1.1" 200 774732173 "http://tv1channel.org/storage2/" "Mozilla/5.0 AppleWebKit/537.36 (KHTML, like Gecko; compatible; GPTBot/1.3; +https://openai.com/gptbot)"
74.7.241.37 - - [01/May/2026:20:51:09 +0300] "GET /storage2/zapazenata-marka-episode-mario-gavrilov-28.04.2022.mp4.sorry HTTP/1.1" 200 513550450 "http://tv1channel.org/storage2/" "Mozilla/5.0 AppleWebKit/537.36 (KHTML, like Gecko; compatible; GPTBot/1.3; +https://openai.com/gptbot)"
74.7.241.37 - - [01/May/2026:20:51:09 +0300] "GET /storage2/zapazenata-marka-episode-mario-gavrilov-21.07.2022.mp4.sorry HTTP/1.1" 200 526695107 "http://tv1channel.org/storage2/" "Mozilla/5.0 AppleWebKit/537.36 (KHTML, like Gecko; compatible; GPTBot/1.3; +https://openai.com/gptbot)"
74.7.241.37 - - [01/May/2026:20:51:10 +0300] "GET /storage2/zapazenata-marka-episode-mario-gavrilov-05.05.2022.mp4.sorry HTTP/1.1" 200 526260921 "http://tv1channel.org/storage2/" "Mozilla/5.0 AppleWebKit/537.36 (KHTML, like Gecko; compatible; GPTBot/1.3; +https://openai.com/gptbot)"
74.7.241.37 - - [01/May/2026:20:51:10 +0300] "GET /storage2/zapazenata-marka-episode-mario-gavrilov-17.02.2022.mp4.sorry HTTP/1.1" 200 471697791 "http://tv1channel.org/storage2/" "Mozilla/5.0 AppleWebKit/537.36 (KHTML, like Gecko; compatible; GPTBot/1.3; +https://openai.com/gptbot)"
74.7.241.37 - - [01/May/2026:20:51:31 +0300] "GET /storage2/vuprosite-promo-lili-marinkova-17.03.2023.mp4.sorry HTTP/1.1" 200 28400260 "http://tv1channel.org/storage2/" "Mozilla/5.0 AppleWebKit/537.36 (KHTML, like Gecko; compatible; GPTBot/1.3; +https://openai.com/gptbot)"
74.7.241.37 - - [01/May/2026:20:51:32 +0300] "GET /storage2/vuprosite-promo-lili-marinkova-13.06.2023.mp4.sorry HTTP/1.1" 200 21153955 "http://tv1channel.org/storage2/" "Mozilla/5.0 AppleWebKit/537.36 (KHTML, like Gecko; compatible; GPTBot/1.3; +https://openai.com/gptbot)"
74.7.241.37 - - [01/May/2026:20:51:33 +0300] "GET /storage2/vuprosite-promo-lili-marinkova-11.07.2023.mp4.sorry HTTP/1.1" 200 16008952 "http://tv1channel.org/storage2/" "Mozilla/5.0 AppleWebKit/537.36 (KHTML, like Gecko; compatible; GPTBot/1.3; +https://openai.com/gptbot)"
74.7.241.37 - - [01/May/2026:20:51:34 +0300] "GET /storage2/anfas-promo-klasikart-30.07.2022.mp4.sorry HTTP/1.1" 200 22434030 "http://tv1channel.org/storage2/" "Mozilla/5.0 AppleWebKit/537.36 (KHTML, like Gecko; compatible; GPTBot/1.3; +https://openai.com/gptbot)"
74.7.241.37 - - [01/May/2026:20:51:35 +0300] "GET /storage2/novina-razvitie-promo-10.05.2022.mp4.sorry HTTP/1.1" 200 27394103 "http://tv1channel.org/storage2/" "Mozilla/5.0 AppleWebKit/537.36 (KHTML, like Gecko; compatible; GPTBot/1.3; +https://openai.com/gptbot)"
74.7.241.37 - - [01/May/2026:20:51:36 +0300] "GET /storage2/novinite-dnes-tv1-emisija-22.00-27.09.2022.mp4.sorry HTTP/1.1" 200 761235702 "http://tv1channel.org/storage2/" "Mozilla/5.0 AppleWebKit/537.36 (KHTML, like Gecko; compatible; GPTBot/1.3; +https://openai.com/gptbot)"
